000
CXUS56 KOTX 010837
CLMPUW


CLIMATE REPORT
NATIONAL WEATHER SERVICE SPOKANE, WA
134 AM PDT SAT APR 1 2017

...................................

...THE PULLMAN-MOSCOW  AIRPORT CLIMATE SUMMARY FOR THE MONTH OF MARCH 2017...

CLIMATE NORMAL PERIOD 1981 TO 2010
CLIMATE RECORD PERIOD 9999 TO 9999

WEATHER         OBSERVED          NORMAL  DEPART  LAST YEAR`S
                 VALUE   DATE(S)  VALUE   FROM    VALUE  DATE(S)
                                          NORMAL
................................................................
TEMPERATURE (F)
RECORD
 HIGH              73   03/25/1960
 LOW               -4   03/05/1945
HIGHEST            56   03/22        MM      MM       65  03/20
                        03/14
                        03/10
LOWEST             24   03/06        MM      MM       21  03/17
AVG. MAXIMUM     48.8              49.3    -0.5     51.2
AVG. MINIMUM     35.2              31.9     3.3     34.1
MEAN             42.0              40.6     1.4     42.6
DAYS MAX >= 90      0               0.0     0.0        0
DAYS MAX <= 32      0               0.4    -0.4        0
DAYS MIN <= 32      7              15.3    -8.3        8
DAYS MIN <= 0       0               0.0     0.0        0

PRECIPITATION (INCHES)
RECORD
 MAXIMUM         5.08   2012
 MINIMUM         0.45   1992
TOTALS           5.25R             2.05    3.20     3.46
DAILY AVG.       0.17              0.07    0.10     0.11
DAYS >= .01        22                MM      MM       20
DAYS >= .10        14                MM      MM       12
DAYS >= .50         3                MM      MM        1
DAYS >= 1.00        0                MM      MM        0
GREATEST
 24 HR. TOTAL    0.77   03/09 TO 03/09           03/21 TO 03/22
                                                          03/22 TO 03/22
                                                          03/22 TO 03/22

SNOWFALL (INCHES)
RECORDS
 TOTAL           18.6   MM
TOTALS             MM                MM      MM       MM
SINCE 7/1         0.0                MM      MM        T
SNOWDEPTH AVG.     MM                MM      MM        0
DAYS >= 1.0        MM                MM      MM        0
GREATEST
 SNOW DEPTH        MM                                  0  MM
 24 HR TOTAL       MM                                 MM

DEGREE_DAYS
HEATING TOTAL     705               756     -51      689
 SINCE 7/1       5482              5459      23     4787
COOLING TOTAL       0                 0       0        0
 SINCE 1/1          0                 0       0        0
...................................................

WIND (MPH)
AVERAGE WIND SPEED              9.5
HIGHEST WIND SPEED/DIRECTION    32/250    DATE  03/21
HIGHEST GUST SPEED/DIRECTION    42/240    DATE  03/01

SKY COVER
POSSIBLE SUNSHINE (PERCENT)   MM
AVERAGE SKY COVER           0.60
NUMBER OF DAYS FAIR            6
NUMBER OF DAYS PC             13
NUMBER OF DAYS CLOUDY         12

AVERAGE RH (PERCENT)     76

WEATHER CONDITIONS. NUMBER OF DAYS WITH
THUNDERSTORM              0     MIXED PRECIP               0
HEAVY RAIN                2     RAIN                       8
LIGHT RAIN               23     FREEZING RAIN              0
LT FREEZING RAIN          0     HAIL                       0
HEAVY SNOW                1     SNOW                       2
LIGHT SNOW                6     SLEET                      0
FOG                      20     FOG W/VIS <= 1/4 MILE      2
HAZE                      3

-  INDICATES NEGATIVE NUMBERS.
R  INDICATES RECORD WAS SET OR TIED.
MM INDICATES DATA IS MISSING.
T  INDICATES TRACE AMOUNT.

$$
