000
CXUS51 KGYX 052132
CLMPWM

PWMCLMPWM 000
TTAA00 KGYX 051945


CLIMATE REPORT
NATIONAL WEATHER SERVICE GRAY ME
432 PM EST MON FEB 5 2018

...................................

...THE PORTLAND ME CLIMATE SUMMARY FOR THE MONTH OF JANUARY 2018...

CLIMATE NORMAL PERIOD 1981 TO 2010
CLIMATE RECORD PERIOD 1941 TO 2018 /FOR TEMPERATURES/
CLIMATE RECORD PERIOD 1871 TO 2018 /FOR PRECIPITATION/
CLIMATE RECORD PERIOD 1882 TO 2018 /FOR SNOWFALL/

WEATHER         OBSERVED          NORMAL  DEPART  LAST YEAR`S
                 VALUE   DATE(S)  VALUE   FROM    VALUE  DATE(S)
                                          NORMAL
................................................................
TEMPERATURE (F)
RECORD
 HIGH              67   01/06/2007
 LOW              -26   01/19/1971
HIGHEST            50   01/13        50       0       54  01/11
LOWEST            -17   01/01        -7     -10        1  01/09
AVG. MAXIMUM     31.1              31.2    -0.1     37.4
AVG. MINIMUM     12.8              13.4    -0.6     22.3
MEAN             21.9              22.3    -0.4     29.8
DAYS MAX >= 90      0               0.0     0.0        0
DAYS MAX <= 32     18              16.3     1.7        6
DAYS MIN <= 32     30              29.6     0.4       26
DAYS MIN <= 0       5               3.9     1.1        0

PRECIPITATION (INCHES)
RECORD
 MAXIMUM        12.29   1935
 MINIMUM         0.28   2004
TOTALS           3.29              3.38   -0.09     3.65
DAILY AVG.       0.11              0.11    0.00     0.12
DAYS >= .01        10              11.1    -1.1       13
DAYS >= .10         6               6.6    -0.6        7
DAYS >= .50         4               2.4     1.6        2
DAYS >= 1.00        0               0.8    -0.8        2
GREATEST
 24 HR. TOTAL    0.76   01/23

SNOWFALL (INCHES)
RECORDS
 TOTAL           62.4   1979
TOTALS           18.8              19.2    -0.4      7.1
SINCE 7/1        40.3              34.3     6.0     26.5
SNOWDEPTH AVG.      7
DAYS >= TRACE      13               7.9     5.1
DAYS >= 1.0         2               4.8    -2.8
GREATEST
 SNOW DEPTH        16   01/06
                        01/05
 24 HR TOTAL     12.0   01/04 TO 01/05

DEGREE_DAYS
HEATING TOTAL    1327              1324       3     1083
 SINCE 7/1       3775              3936    -161     3470
COOLING TOTAL       0                 0       0        0
 SINCE 1/1          0                 0       0        0
.................................................................

WIND (MPH)
AVERAGE WIND SPEED              8.4
HIGHEST WIND SPEED/DIRECTION    37/300    DATE  01/04
HIGHEST GUST SPEED/DIRECTION    52/310    DATE  01/04

SKY COVER
AVERAGE SKY COVER           0.60

AVERAGE RH (PERCENT)     69


-  INDICATES NEGATIVE NUMBERS.
R  INDICATES RECORD WAS SET OR TIED.
MM INDICATES DATA IS MISSING.
T  INDICATES TRACE AMOUNT.

&&

JANUARY BEGAN IN THE MIDST OF AN INTENSE COLD WAVE THAT HAD BEGUN ON
CHRISTMAS DAY AND INTENSIFIED INTO THE NEW YEAR. THE LOW TEMPERATURE
ON JANUARY 1 WAS 17 BELOW ZERO, THE COLDEST TEMPERATURE OBSERVED IN
PORTLAND SINCE JANUARY 27, 1994 (-18). FINALLY, AFTER A RECORD 7
STRAIGHT DAYS THAT THE TEMPERATURE DID NOT WARM ABOVE 15 DEGREES,
PORTLAND SAW A BRIEF WARM UP AS THE TEMPERATURE WARMED ALL THE WAY
TO 30 DEGREES ON JANUARY 4. ALTHOUGH IT WAS WARMER THAN IT HAD BEEN,
THE WARM UP CAME ALONG WITH SOME HEAVY SNOWFALL AS AN INTENSE WINTER
STORM BROUGHT 12 INCHES OF SNOWFALL AND 52 MPH WINDS LEADING TO
BLIZZARD CONDITIONS. ANOTHER SURGE OF VERY COLD ARCTIC AIR MOVED IN
BEHIND THIS STORM WITH PORTLAND SEEING ANOTHER 3 DAYS OF
TEMPERATURES FALLING TO ZERO OR COLDER. JUST WHEN IT SEEMED THIS
INTENSE WINTER COLD WAS BECOMING THE NEW NORMAL, THE JANUARY THAW
ARRIVED. THE TEMPERATURE WARMED INTO THE UPPER 40S TO NEAR 50
DEGREES FOR THREE STRAIGHT DAYS FROM JANUARY 11 THRU 13 ALONG WITH
MORE THAN AN INCH OF RAINFALL. THIS WASHED AWAY MOST OF THE DEEP
EARLY SEASON SNOW COVER. A STRONG COLD FRONT MOVED THROUGH ON
JANUARY 13 BRINGING ANOTHER PERIOD OF BELOW NORMAL TEMPERATURES, BUT
NOT NEARLY AS COLD AS THE COLD SPELL A FEW WEEKS EARLIER. MORE SNOW
FELL IN MID JANUARY HELPING TO RESTORE THE WINTER SNOW PACK, BUT THE
BRUTAL COLD FROM EARLIER IN THE WINTER MANAGED TO STAY AWAY FOR THE
REST OF THE MONTH. ANOTHER WARM UP BROUGHT TEMPERATURES IN THE 40S
ON JANUARY 20 AND 21. THE NEXT STORM SYSTEM BROUGHT LIGHT SNOW
FOLLOWED BY FREEZING RAIN ON THE 22ND AND 23RD. WARMER WEATHER
RETURNED AGAIN ON THE 27TH BUT ONLY LASTED A FEW DAYS BEFORE SOME
COLDER WEATHER MOVED IN AGAIN FOR THE LAST FEW DAYS OF THE MONTH.

THE AVERAGE TEMPERATURE FOR JANUARY WAS 21.9 DEGREES WHICH WAS 0.4
DEGREES BELOW NORMAL AND THE FIRST BELOW NORMAL JANUARY SINCE 2015.
THE COLDEST JANUARY WAS IN 1971 WHEN THE AVERAGE TEMPERATURE WAS
12.1 DEGREES. THE WARMEST WAS IN 2002 WHEN THE AVERAGE TEMPERATURE
WAS 30.4 DEGREES. THE REALLY COLD WEATHER TO START THE YEAR SET A
NEW RECORD FOR THE MOST CONSECUTIVE DAYS THAT THE TEMPERATURE DID
NOT WARM ABOVE 15 DEGREES AS THE FOLLOWING TABLE SHOWS.

MOST CONSECUTIVE DAYS MAX OF 15 DEGREES OR COLDER (SINCE 1940)...
RANK  DAYS  DATES
1      7    DEC 27, 2017 TO JAN 2, 2018 <===
2      6    FEB 10 TO 15, 1979
3      5    JAN 16 TO 20, 1971
4      4    FEB 1 TO 4, 1971
5      3*   JAN 21 TO 23, 2003
* MOST RECENT OF SEVERAL OCCURRENCES

A TOTAL OF 3.29 INCHES OF PRECIPITATION FELL WHICH WAS 0.09 INCHES
BELOW NORMAL. THE HEAVIEST PRECIPITATION FELL ON JANUARY 12 AND 13
WHEN 1.31 INCHES FELL. THE DRIEST JANUARY ON RECORD WAS IN 2004 WHEN
ONLY 0.28 INCHES WAS RECORDED. THE WETTEST WAS IN 1935 WHEN 12.29
INCHES WAS MEASURED.

THERE WAS A TOTAL OF 18.8 INCHES OF SNOWFALL WHICH WAS 0.4 INCHES
BELOW NORMAL. THE HEAVIEST SNOW FELL DURING THE BLIZZARD OF JANUARY
4 AND 5 WHEN 12.0 INCHES WAS MEASURED. THE LEAST SNOW TO FALL IN
JANUARY WAS IN 1908 WHEN ONLY 1.6 INCHES FELL. THE SNOWIEST JANUARY
WAS IN 1979 WHEN 62.4 INCHES FELL.

THE FOLLOWING DAILY RECORDS WERE SET OR TIED IN JANUARY 2018...
DATE  RECORD                                PREVIOUS
1     10  - COLDEST HIGH TEMPERATURE        13 IN 1957
1     -17 - COLDEST LOW TEMPERATURE         -12 IN 1964 & 1957
1     -3  - COLDEST AVERAGE TEMPERATURE     1 IN 1957
2     12  - COLDEST HIGH TEMPERATURE        12 IN 2014 /TIED/
2     -2  - COLDEST AVERAGE TEMPERATURE     -2 IN 1968 /TIED/
6     4   - COLDEST HIGH TEMPERATURE        10 IN 1959
6     0   - COLDEST AVERAGE TEMPERATURE     2 IN 1996
7     -12 - COLDEST LOW TEMPERATURE         -10 IN 1941
7     1   - COLDEST AVERAGE TEMPERATURE     5 IN 1996
12    39  - WARMEST LOW TEMPERATURE         39 IN 2017

$$

KIMBLE
