000
CXUS56 KSGX 011734
CLMRAL


CLIMATE REPORT
NATIONAL WEATHER SERVICE SAN DIEGO, CA
1033 AM PDT FRI SEP 1 2017

...................................

...THE RIVERSIDE MUNI AIRPORT CA CLIMATE SUMMARY FOR THE MONTH OF AUGUST 2017...

CLIMATE NORMAL PERIOD 1981 TO 2010
CLIMATE RECORD PERIOD 1893 TO 2017

WEATHER         OBSERVED          NORMAL  DEPART  LAST YEAR`S
                 VALUE   DATE(S)  VALUE   FROM    VALUE  DATE(S)
                                          NORMAL
................................................................
TEMPERATURE (F)
RECORD
 HIGH             113   08/05/1997
                        08/24/1926
 LOW               40   08/27/1902
HIGHEST           112   08/31        95      17      107  08/15
LOWEST             61   08/16        64      -3       61  08/27
                                                          08/11
AVG. MAXIMUM     95.8              94.3     1.5     95.5
AVG. MINIMUM     66.5              64.5     2.0     65.6
MEAN             81.1              79.4     1.7     80.5
DAYS MAX >= 90     23              24.0    -1.0       29
DAYS MAX <= 32      0               0.0     0.0        0
DAYS MAX >= 100     8                                  8
DAYS MAX >= 110     1                                  0
DAYS MIN <= 32      0               0.0     0.0        0

PRECIPITATION (INCHES)
RECORD
 MAXIMUM         2.33   1983
 MINIMUM         0.00   2016
                        2011
                        2010
TOTALS           0.28              0.08    0.20     0.00
DAILY AVG.       0.01              0.00    0.01     0.00
DAYS >= .01         2                MM      MM        0
DAYS >= .10         1                MM      MM        0
DAYS >= .50         0                MM      MM        0
DAYS >= 1.00        0                MM      MM        0
DAYS >= 1.50        0                                  0
DAYS >= 2.00        0                                  0
GREATEST
 24 HR. TOTAL    0.24   08/31 TO 08/31           08/31 TO 08/31
                                                          08/31 TO 08/31
                                                          08/31 TO 08/31
 STORM TOTAL       MM                                 MM
 (MM/DD(HH))            MM                    08/31(00) TO 08/31(00)
                                                 08/31(00) TO 08/31(00)1
                                                 08/31(00) TO 08/31(00)1

DEGREE_DAYS
HEATING TOTAL       0                 0       0        0
 SINCE 7/1          0                 0       0        0
COOLING TOTAL     509               446      63      488
 SINCE 1/1       1648              1258     390     1669

FREEZE DATES
RECORD
 EARLIEST     10/21/1949
 LATEST       04/28/1894
EARLIEST                        12/04
LATEST                          02/24
..................................................

WIND (MPH)
AVERAGE WIND SPEED              5.6
RESULTANT WIND SPEED/DIRECTION   4/272
HIGHEST WIND SPEED/DIRECTION    28/140    DATE  08/31
HIGHEST GUST SPEED/DIRECTION    39/150    DATE  08/31

SKY COVER
POSSIBLE SUNSHINE (PERCENT)   MM
AVERAGE SKY COVER           0.10
NUMBER OF DAYS FAIR           26
NUMBER OF DAYS PC              5
NUMBER OF DAYS CLOUDY          0

AVERAGE RH (PERCENT)     59

WEATHER CONDITIONS. NUMBER OF DAYS WITH
THUNDERSTORM              0     MIXED PRECIP               0
HEAVY RAIN                1     RAIN                       0
LIGHT RAIN                2     FREEZING RAIN              0
LT FREEZING RAIN          0     HAIL                       0
HEAVY SNOW                0     SNOW                       0
LIGHT SNOW                0     SLEET                      0
FOG                      11     FOG W/VIS <= 1/4 MILE      0
HAZE                     10

-  INDICATES NEGATIVE NUMBERS.
R  INDICATES RECORD WAS SET OR TIED.
MM INDICATES DATA IS MISSING.
T  INDICATES TRACE AMOUNT.

$$
