000
CXUS53 KUNR 011614
CLMRAP


CLIMATE REPORT
NATIONAL WEATHER SERVICE RAPID CITY SD
1014 AM MDT TUE AUG 1 2017

...................................

...THE RAPID CITY AIRPORT SD CLIMATE SUMMARY FOR THE MONTH OF JULY 2017...

CLIMATE NORMAL PERIOD 1981 TO 2010
CLIMATE RECORD PERIOD 1942 TO 2017

WEATHER         OBSERVED          NORMAL  DEPART  LAST YEAR`S
                 VALUE   DATE(S)  VALUE   FROM    VALUE  DATE(S)
                                          NORMAL
................................................................
TEMPERATURE (F)
RECORD
 HIGH             111   07/15/2006
 LOW               39   07/13/1987
HIGHEST           106   07/09                        102  07/20
LOWEST             46   07/01                         51  07/14
                                                          07/12
                                                          07/08
AVG. MAXIMUM     94.2              87.1     7.1     87.9
AVG. MINIMUM     60.1              58.1     2.0     57.8
MEAN             77.1              72.6     4.5     72.8
DAYS MAX >= 90     25                                 13
DAYS MAX <= 32      0                                  0
DAYS MIN <= 32      0                                  0
DAYS MIN <= 0       0                                  0

PRECIPITATION (INCHES)
RECORD
 MAXIMUM         6.13   1969
 MINIMUM         0.38   1988
TOTALS           1.07              1.85   -0.78     2.83
DAILY AVG.       0.03              0.06   -0.03     0.09
DAYS >= .01         9                                 13
DAYS >= .10         3                                  5
DAYS >= .50         0                                  2
DAYS >= 1.00        0                                  0
GREATEST
 24 HR. TOTAL    0.33   07/27 TO 07/27              0.91

SNOWFALL (INCHES)
RECORDS
 TOTAL            0.5   1955
TOTALS            0.0               0.0     0.0      0.0
SINCE 7/1         0.0               0.0     0.0      0.0
SNOWDEPTH AVG.      0                MM      MM        0
DAYS >= 1.0         0               0.0     0.0        0
GREATEST
 SNOW DEPTH         0   MM                             0  MM
 24 HR TOTAL      0.0   07/31 TO 07/31               0.0

DEGREE_DAYS
HEATING TOTAL       0                15     -15        3
 SINCE 7/1          0                15     -15        3
COOLING TOTAL     383               250     133      255
 SINCE 1/1        497               349     148      441
.................................................................

WIND (MPH)
AVERAGE WIND SPEED              9.0
HIGHEST WIND SPEED/DIRECTION    47/300    DATE  07/11
HIGHEST GUST SPEED/DIRECTION    59/300    DATE  07/11

AVERAGE RH (PERCENT)     50

WEATHER CONDITIONS. NUMBER OF DAYS WITH
THUNDERSTORM              0     MIXED PRECIP               0
HEAVY RAIN                3     RAIN                       3
LIGHT RAIN               15     FREEZING RAIN              0
LT FREEZING RAIN          0     HAIL                       0
HEAVY SNOW                0     SNOW                       0
LIGHT SNOW                0     SLEET                      0
FOG                       3     FOG W/VIS <= 1/4 MILE      0
HAZE                      3

-  INDICATES NEGATIVE NUMBERS.
R  INDICATES RECORD WAS SET OR TIED.
MM INDICATES DATA IS MISSING.
T  INDICATES TRACE AMOUNT.

$$
