000
CXUS56 KPDT 011716
CLMRDM

CLIMATE REPORT
NATIONAL WEATHER SERVICE PENDLETON OREGON
1004 AM PDT SUN OCT 01 2017

....................................

...THE REDMOND OR CLIMATE SUMMARY FOR THE MONTH OF SEPTEMBER 2017...

CLIMATE NORMAL PERIOD 1981 TO 2010
CLIMATE RECORD PERIOD 1949 TO 2017

WEATHER         OBSERVED          NORMAL  DEPART  LAST YEAR`S
                 VALUE   DATE(S)  VALUE   FROM    VALUE  DATE(S)
                                          NORMAL

................................................................

TEMPERATURE (F)
RECORD
 HIGH             105   9/ 2/1998
 LOW               16   9/24/1961
HIGHEST            99   9/ 2       90         9            93   9/26
LOWEST             29   9/24       24         5            24   9/14
AVG. MAXIMUM     77.3            76.2       1.1          75.6
AVG. MINUMUM     41.1            38.2       2.9          36.0
MEAN             59.2            57.2       2.0          55.8
DAYS MAX >= 90      8               3         5             2
DAYS MAX <= 32      0               1        -1             0
DAYS MIN <= 32      4               7        -3             8
DAYS MIN <= 0       0               1        -1             8


PRECIPITATION (INCHES)
RECORD
 MAXIMUM          1.72   2010
 MINIMUM          0.00   1999
TOTALS            0.43            0.41      0.02          0.05
DAILY AVG.        0.01            0.01      0.00          0.00
DAYS >=  0.01        3               3         0             4
DAYS >=  0.10        2               1         1             0
DAYS >=  0.50        0               0         0             0
DAYS >=  1.00        0               0         0             0
GREATEST
 24 HR. TOTAL     0.26   9/20



SNOWFALL (INCHES)
RECORD
 MAXIMUM           0.0   1985
 MINIMUM           0.0   2016
TOTALS             0.0             0.0       0.0           0.0
SINCE 7/1          0.0             0.0       0.0           0.0
DAYS >=  TRACE                       0         0
DAYS >=  1.0         0               0         0             0
GREATEST
 24 HR. TOTAL      0.0   9/30


DEGREE DAYS
HEATING TOTAL      222             250       -28           269
 SINCE 7/1         245             399      -154           358
COOLING TOTAL       56              14        42             1
 SINCE 1/1         434             216       218           240

.............................................................

WIND (MPH)
AVERAGE WIND SPEED                     6.0
RESULTANT WIND SPEED/DIRECTION         3/257
HIGHEST WIND SPEED/DIRECTION          29/270      DATE          09/07
HIGHEST GUST SPEED/DIRECTION          35/280      DATE          09/20


WEATHER CONDITIONS. NUMBER OF DAYS WITH
THUNDERSTORM               1    MIXED PRECIP                        0
HEAVY RAIN                 0    RAIN                                2
LIGHT RAIN                 5    FREEZING RAIN                       0
LT FREEZING RAIN           0    HAIL                                0
HEAVY SNOW                 0    SNOW                                0
LIGHT SNOW                 0    SLEET                               0
FOG                        4    FOG W/VIS <=1/4 MILE                0
HAZE                      15

-  INDICATES NEGATIVE NUMBERS.
R  INDICATES RECORD WAS SET OR TIED.
MM INDICATES DATA IS MISSING.
T  INDICATES TRACE AMOUNT.

$$
