000
CXUS56 KPDT 011737
CLMRDM

CLIMATE REPORT
NATIONAL WEATHER SERVICE PENDLETON OREGON
931 AM PST THU DEC 01 2016

....................................

...THE REDMOND OR CLIMATE SUMMARY FOR THE MONTH OF NOVEMBER 2016...

CLIMATE NORMAL PERIOD 1981 TO 2010
CLIMATE RECORD PERIOD 1949 TO 2016

WEATHER         OBSERVED          NORMAL  DEPART  LAST YEAR`S
                 VALUE   DATE(S)  VALUE   FROM    VALUE  DATE(S)
                                          NORMAL

................................................................

TEMPERATURE (F)
RECORD
 HIGH              76  11/ 5/1997
 LOW              -19  11/16/2014
HIGHEST            75  11/ 8       66         9            63  11/14
LOWEST             21  11/29        9        12            -7  11/30
AVG. MAXIMUM     56.8            48.9       7.9          46.1
AVG. MINUMUM     31.8            25.8       6.0          21.2
MEAN             44.3            37.4       6.9          33.6
DAYS MAX >= 90      0               0         0             0
DAYS MAX <= 32      0               2        -2             6
DAYS MIN <= 32     14              23        -9            25
DAYS MIN <= 0       0               2        -2            25


PRECIPITATION (INCHES)
RECORD
 MAXIMUM          3.15   1984
 MINIMUM          0.03   1952
TOTALS            0.27            0.96     -0.69          0.89
DAILY AVG.        0.01            0.03     -0.02          0.03
DAYS >=  0.01        7               9        -2             9
DAYS >=  0.10        0               3        -3             2
DAYS >=  0.50        0               0         0             0
DAYS >=  1.00        0               0         0             0
GREATEST
 24 HR. TOTAL     0.07  11/14



SNOWFALL (INCHES)
RECORD
 MAXIMUM          21.7   1973
 MINIMUM           0.0   2013
TOTALS             0.0             2.4      -2.4           4.0
SINCE 7/1          0.0             2.6      -2.6           4.0
DAYS >=  TRACE                       1        -1             5
DAYS >=  1.0         0               0         0             1
GREATEST
 24 HR. TOTAL      0.0  11/30


DEGREE DAYS
HEATING TOTAL      611             829      -218           934
 SINCE 7/1        1464            1775      -311          1718
COOLING TOTAL        0               0         0             0
 SINCE 1/1         240             216        24           363

.............................................................

WIND (MPH)
AVERAGE WIND SPEED                     6.7
RESULTANT WIND SPEED/DIRECTION         5/173
HIGHEST WIND SPEED/DIRECTION          29/270      DATE          11/15
HIGHEST GUST SPEED/DIRECTION          40/270      DATE          11/15


WEATHER CONDITIONS. NUMBER OF DAYS WITH
THUNDERSTORM               0    MIXED PRECIP                           0
HEAVY RAIN                 0    RAIN                                   0
LIGHT RAIN                12    FREEZING RAIN                          0
LT FREEZING RAIN           0    HAIL                                   0
HEAVY SNOW                 0    SNOW                                   0
LIGHT SNOW                 1    SLEET                                  0
FOG                        4    FOG W/VIS <=1/4 MILE                   2
HAZE                       0

-  INDICATES NEGATIVE NUMBERS.
R  INDICATES RECORD WAS SET OR TIED.
MM INDICATES DATA IS MISSING.
T  INDICATES TRACE AMOUNT.

$$
