000
CXUS53 KGRB 010730
CLMRHI


CLIMATE REPORT
NATIONAL WEATHER SERVICE GREEN BAY
228 AM CDT MON JUN 1 2015

...................................

...THE RHINELANDER WI CLIMATE SUMMARY FOR THE MONTH OF MAY 2015...

CLIMATE NORMAL PERIOD 1981 TO 2010
CLIMATE RECORD PERIOD 1908 TO 2015

WEATHER         OBSERVED          NORMAL  DEPART  LAST YEAR`S
                 VALUE   DATE(S)  VALUE   FROM    VALUE  DATE(S)
                                          NORMAL
................................................................
TEMPERATURE (F)
RECORD
 HIGH              99   05/31/1934
 LOW               18   05/02/1911
HIGHEST            82   05/28        84      -2       84  05/31
                                                          05/30
LOWEST             24   05/20        27      -3       24  05/16
AVG. MAXIMUM     67.2              65.3     1.9     65.4
AVG. MINIMUM     42.1              40.5     1.6     40.6
MEAN             54.6              52.9     1.7     53.0
DAYS MAX >= 90      0               0.1    -0.1        0
DAYS MAX <= 32      0               0.0     0.0        0
DAYS MIN <= 32      6               6.4    -0.4        7
DAYS MIN <= 0       0               0.0     0.0        0

PRECIPITATION (INCHES)
RECORD
 MAXIMUM         7.50   1991
 MINIMUM         0.56   1986
TOTALS           3.69              3.49    0.20     2.88
DAILY AVG.       0.12              0.11    0.01     0.09
DAYS >= .01        16                MM      MM       12
DAYS >= .10        10                MM      MM        9
DAYS >= .50         2                MM      MM        1
DAYS >= 1.00        0                MM      MM        1
GREATEST
 STORM TOTAL       MM
 (MM/DD(HH))            MM

SNOWFALL (INCHES)
RECORDS
 TOTAL           11.0   1960
TOTALS              T                MM      MM      0.1
SINCE 7/1        89.3                MM      MM    110.3
DAYS >= TRACE       1                MM      MM        1
DAYS >= 1.0         0                MM      MM        0
GREATEST
 SNOW DEPTH         0   MM                             0  MM
 24 HR TOTAL        T   05/18 TO 05/18

DEGREE_DAYS
HEATING TOTAL     317               386     -69      371
 SINCE 7/1       9473              8886     587    10338
COOLING TOTAL       5                11      -6        7
 SINCE 1/1          5                12      -7        7
.................................................................

WIND (MPH)
AVERAGE WIND SPEED              7.6
HIGHEST WIND SPEED/DIRECTION    29/230    DATE  05/28
HIGHEST GUST SPEED/DIRECTION    43/220    DATE  05/07

SKY COVER
POSSIBLE SUNSHINE (PERCENT)   MM
AVERAGE SKY COVER           0.50
NUMBER OF DAYS FAIR           12
NUMBER OF DAYS PC              9
NUMBER OF DAYS CLOUDY         10

AVERAGE RH (PERCENT)     67

WEATHER CONDITIONS. NUMBER OF DAYS WITH
THUNDERSTORM              0     MIXED PRECIP               0
HEAVY RAIN                4     RAIN                       9
LIGHT RAIN               19     FREEZING RAIN              0
LT FREEZING RAIN          0     HAIL                       0
HEAVY SNOW                0     SNOW                       0
LIGHT SNOW                2     SLEET                      0
FOG                      21     FOG W/VIS <= 1/4 MILE      3
HAZE                      3

-  INDICATES NEGATIVE NUMBERS.
R  INDICATES RECORD WAS SET OR TIED.
MM INDICATES DATA IS MISSING.
T  INDICATES TRACE AMOUNT.

$$
