636
CXUS55 KABQ 011518
CLMROW

ABQCLMROW 000
TTAA00 KABQ 011147


CLIMATE REPORT
NATIONAL WEATHER SERVICE ALBUQUERQUE NM
918 AM MDT SAT APR 1 2017

...................................

...THE ROSWELL NM CLIMATE SUMMARY FOR THE MONTH OF MARCH 2017...

CLIMATE NORMAL PERIOD 1981 TO 2010
CLIMATE RECORD PERIOD 1893 TO 2017

WEATHER         OBSERVED          NORMAL  DEPART  LAST YEAR`S
                 VALUE   DATE(S)  VALUE   FROM    VALUE  DATE(S)
                                          NORMAL
................................................................
TEMPERATURE (F)
RECORD
 HIGH              93   03/12/1989
 LOW                9   03/03/2002
HIGHEST            91   03/23        MM      MM       87  03/22
                        03/20
                        03/19
LOWEST             27   03/03        MM      MM       27  03/24
AVG. MAXIMUM     78.9              68.3    10.6     73.6
AVG. MINIMUM     41.5              36.9     4.6     38.0
MEAN             60.2              52.6     7.6     55.8
DAYS MAX >= 90      4               0.2     3.8        0
DAYS MAX <= 32      0               0.0     0.0        0
DAYS MIN <= 32      2               7.3    -5.3        4
DAYS MIN <= 0       0               0.0     0.0        0

PRECIPITATION (INCHES)
RECORD
 MAXIMUM           MM   MM
 MINIMUM           MM   MM
TOTALS           0.32              0.51   -0.19        T
DAILY AVG.       0.01              0.02   -0.01        T
DAYS >= .01         2               3.3    -1.3        0
DAYS >= .10         1               1.4    -0.4        0
DAYS >= .50         0               0.2    -0.2        0
DAYS >= 1.00        0               0.1    -0.1        0
GREATEST
 24 HR. TOTAL    0.30   03/28 TO 03/28                 T

SNOWFALL (INCHES)
RECORDS
 TOTAL             MM   MM
TOTALS            0.0               1.2    -1.2      0.0
SINCE 7/1         2.5              11.6    -9.1     17.8
SNOWDEPTH AVG.      0                MM      MM        0
DAYS >= 1.0         0               0.4    -0.4        0
GREATEST
 SNOW DEPTH         0   MM                             0  MM
 24 HR TOTAL      0.0   03/31 TO 03/31               0.0

DEGREE_DAYS
HEATING TOTAL     175               387    -212      278
 SINCE 7/1       2320              3094    -774     2838
COOLING TOTAL      34                 3      31        0
 SINCE 1/1         34                 3      31        0
.................................................................

WIND (MPH)
AVERAGE WIND SPEED              9.6
HIGHEST WIND SPEED/DIRECTION    38/270    DATE  03/23
HIGHEST GUST SPEED/DIRECTION    58/220    DATE  03/23

SKY COVER
AVERAGE SKY COVER           0.10

AVERAGE RH (PERCENT)     39

WEATHER CONDITIONS. NUMBER OF DAYS WITH
THUNDERSTORM              0     MIXED PRECIP               0
HEAVY RAIN                0     RAIN                       1
LIGHT RAIN                3     FREEZING RAIN              0
LT FREEZING RAIN          0     HAIL                       0
HEAVY SNOW                0     SNOW                       0
LIGHT SNOW                0     SLEET                      0
FOG                       5     FOG W/VIS <= 1/4 MILE      3
HAZE                      5

-  INDICATES NEGATIVE NUMBERS.
R  INDICATES RECORD WAS SET OR TIED.
MM INDICATES DATA IS MISSING.
T  INDICATES TRACE AMOUNT.

$$
