000
CXUS55 KCYS 161633
CLMRWL


CLIMATE REPORT
NATIONAL WEATHER SERVICE CHEYENNE WY
1033 AM MDT TUE JUN 16 2015

...................................

...THE RAWLINS WY AIRPORT CLIMATE SUMMARY FOR THE MONTH OF MAY 2015...

CLIMATE NORMAL PERIOD 1981 TO 2010
CLIMATE RECORD PERIOD 1951 TO 2015

WEATHER         OBSERVED          NORMAL  DEPART  LAST YEAR`S
                 VALUE   DATE(S)  VALUE   FROM    VALUE
                                          NORMAL
.............................................................
TEMPERATURE (F)
RECORD
 HIGH              88   05/31/2002
 LOW               10   05/02/2013
HIGHEST            79   05/31        MM      MM       85
LOWEST             25   05/11        MM      MM       17
AVG. MAXIMUM     59.2              63.8    -4.6     66.3
AVG. MINIMUM     37.0              35.0     2.0     36.5
MEAN             48.1              49.4    -1.3     51.4
DAYS MAX >= 90      0               0.0                0
DAYS MAX <= 32      0               0.0                0
DAYS MIN <= 32      4              10.2               10
DAYS MIN <= 0       0               0.0                0

PRECIPITATION (INCHES)
RECORD
 MAXIMUM         4.12   1995
 MINIMUM            T   2011
TOTALS           3.96              1.41    2.55     0.87
DAYS >= .01        23               9.7    13.3        7
DAYS >= .10        12               4.1     7.9        2
DAYS >= .50         0               0.5    -0.5        1
DAYS >= 1.00        0               0.2    -0.2        0
GREATEST
 24 HR. TOTAL    0.72   05/21 TO 05/22

DEGREE_DAYS
HEATING TOTAL     514               484      30      415
 SINCE 7/1       7262              8203    -941     7830
COOLING TOTAL       0                 0       0        2
 SINCE 1/1          0                 0       0        2
..............................................................

WIND (MPH)
AVERAGE WIND SPEED              9.6
HIGHEST WIND SPEED/DIRECTION    46/250    DATE  05/03
HIGHEST GUST SPEED/DIRECTION    58/240    DATE  05/03

SKY COVER
POSSIBLE SUNSHINE (PERCENT)   MM
AVERAGE SKY COVER           0.60
NUMBER OF DAYS FAIR            6
NUMBER OF DAYS PC             16
NUMBER OF DAYS CLOUDY          9

AVERAGE RH (PERCENT)     67

WEATHER CONDITIONS. NUMBER OF DAYS WITH
THUNDERSTORM              0     MIXED PRECIP               0
HEAVY RAIN                3     RAIN                      13
LIGHT RAIN               23     FREEZING RAIN              0
LT FREEZING RAIN          0     HAIL                       0
HEAVY SNOW                0     SNOW                       0
LIGHT SNOW                4     SLEET                      0
FOG                      20     FOG W/VIS <= 1/4 MILE      2
HAZE                      5

-  INDICATES NEGATIVE NUMBERS.
R  INDICATES RECORD WAS SET OR TIED.
MM INDICATES DATA IS MISSING.
T  INDICATES TRACE AMOUNT.

$$
