000
CXUS54 KEWX 022026
CLMSAT

SATCLMSAT 000
TTAA00 KEWX 022017


CLIMATE REPORT
NATIONAL WEATHER SERVICE AUSTIN/SAN ANTONIO, TX
326 PM CDT SAT JUL 2 2016

...................................

...THE SAN ANTONIO CLIMATE SUMMARY FOR THE MONTH OF JUNE 2016...

CLIMATE NORMAL PERIOD 1981 TO 2010
CLIMATE RECORD PERIOD 1886 TO 2016

WEATHER         OBSERVED          NORMAL  DEPART  LAST YEAR`S
                 VALUE   DATE(S)  VALUE   FROM    VALUE  DATE(S)
                                          NORMAL
................................................................
TEMPERATURE (F)
HIGHEST            96   06/28                         93  06/29
                                                          06/13
                                                          06/12
LOWEST             64   06/06                         65  06/01
AVG. MAXIMUM     91.1              92.3    -1.2     89.4
AVG. MINIMUM     72.9              72.6     0.3     73.9
MEAN             82.0              82.4    -0.4     81.6
DAYS MAX >= 90     21                                 16
DAYS MAX <= 32      0                                  0
DAYS MIN <= 32      0                                  0
DAYS MIN <= 0       0                                  0

PRECIPITATION (INCHES)
TOTALS           2.39              4.14   -1.75     6.42
DAILY AVG.       0.08              0.14   -0.06     0.21
DAYS >= .01         4                                  9
DAYS >= .10         1                                  8
DAYS >= .50         1                                  4
DAYS >= 1.00        1                                  3
GREATEST
 24 HR. TOTAL    2.34   06/02 TO 06/02
                        06/01 TO 06/02
                        06/02 TO 06/02

SNOWFALL (INCHES)
TOTALS            0.0               0.0     0.0      0.0
SINCE 7/1           T               0.7    -0.7        T

DEGREE_DAYS
HEATING TOTAL       0                 0       0        0
 SINCE 7/1       1038              1496    -458     1494
COOLING TOTAL     519               523      -4      506
 SINCE 1/1       1144              1152      -8     1151
.................................................................

WIND (MPH)
AVERAGE WIND SPEED              8.7
HIGHEST WIND SPEED/DIRECTION    25/270    DATE  06/02
HIGHEST GUST SPEED/DIRECTION    43/310    DATE  06/02

SKY COVER
POSSIBLE SUNSHINE (PERCENT)   MM
AVERAGE SKY COVER           0.50
NUMBER OF DAYS FAIR            7
NUMBER OF DAYS PC             20
NUMBER OF DAYS CLOUDY          3

AVERAGE RH (PERCENT)     69

WEATHER CONDITIONS. NUMBER OF DAYS WITH
THUNDERSTORM              0     MIXED PRECIP               0
HEAVY RAIN                1     RAIN                       1
LIGHT RAIN                8     FREEZING RAIN              0
LT FREEZING RAIN          0     HAIL                       0
HEAVY SNOW                0     SNOW                       0
LIGHT SNOW                0     SLEET                      0
FOG                       2     FOG W/VIS <= 1/4 MILE      0
HAZE                      0

-  INDICATES NEGATIVE NUMBERS.
R  INDICATES RECORD WAS SET OR TIED.
MM INDICATES DATA IS MISSING.
T  INDICATES TRACE AMOUNT.

&&

MONTHLY CLIMATE SUMMARY:
JUNE 2016 WAS THE 58TH WARMEST AND 65TH DRIEST JUNE SINCE
RECORD KEEPING BEGAN.

SEA LEVEL PRESSURE DATA:
HIGHEST SLP 30.18 INCHES ON THE 20TH
LOWEST  SLP 29.76 INCHES ON THE 1ST

PRELIMINARY LOCAL CLIMATOLOGICAL DATA (WS FORM: F-6)

                                          STATION:   SAN ANTONIO
                                          MONTH:     JUNE
                                          YEAR:      2016
                                          LATITUDE:   29 31 N
                                          LONGITUDE:  98 28 W

  TEMPERATURE IN F:       :PCPN:    SNOW:  WIND      :SUNSHINE: SKY     :PK WND
================================================================================
1   2   3   4   5  6A  6B    7    8   9   10  11  12  13   14  15   16   17  18
                                     12Z  AVG MX 2MIN
DY MAX MIN AVG DEP HDD CDD  WTR  SNW DPTH SPD SPD DIR MIN PSBL S-S WX    SPD DR
================================================================================

 1  86  67  77  -3   0  12    T  0.0    0  4.8 25 330   M    M   7 3      30 330
 2  85  66  76  -5   0  11 2.34  0.0    0  6.6 25 270   M    M   8 13     43 310
 3  81  66  74  -7   0   9    T  0.0    0  4.6 20 230   M    M   8 1      24 220
 4  87  65  76  -5   0  11 0.01  0.0    0  8.4 18 360   M    M   7        24  10
 5  89  66  78  -3   0  13 0.00  0.0    0  9.9 21  30   M    M   4        27  20
 6  89  64  77  -4   0  12 0.00  0.0    0  7.1 16 360   M    M   1        20 340
 7  91  66  79  -3   0  14 0.00  0.0    0  6.5 17 110   M    M   1        23 120
 8  89  71  80  -2   0  15 0.03  0.0    0  7.4 24 140   M    M   4        30 140
 9  89  71  80  -2   0  15 0.00  0.0    0  7.3 24 120   M    M   3        28 120
10  90  72  81  -1   0  16 0.00  0.0    0  7.6 17 160   M    M   5        21 160
11  92  76  84   2   0  19 0.00  0.0    0 11.5 20 150   M    M   5        25 150
12  93  78  86   4   0  21 0.00  0.0    0 11.1 21 130   M    M   7        27 140
13  93  77  85   3   0  20 0.00  0.0    0 10.8 20 170   M    M   7        25 170
14  93  77  85   3   0  20 0.00  0.0    0 11.8 18 140   M    M   6        24 140
15  95  78  87   4   0  22 0.00  0.0    0 13.5 23 130   M    M   5        29 150
16  94  76  85   2   0  20 0.00  0.0    0 12.7 21 140   M    M   4        26 150
17  94  76  85   2   0  20 0.00  0.0    0 10.0 17 150   M    M   4        22 190
18  95  78  87   4   0  22 0.00  0.0    0  8.2 16 160   M    M   4        20 160
19  91  78  85   2   0  20    T  0.0    0 10.4 18 160   M    M   5        24 110
20  92  74  83   0   0  18 0.00  0.0    0  6.7 21 120   M    M   4        24 120
21  93  75  84   1   0  19 0.00  0.0    0  7.5 16 160   M    M   2        21 160
22  92  76  84   1   0  19 0.00  0.0    0 11.6 23 140   M    M   2        28 150
23  92  74  83   0   0  18 0.00  0.0    0 12.0 21 140   M    M   4        24 150
24  92  75  84   1   0  19 0.00  0.0    0 10.9 21 120   M    M   7        28 150
25  87  76  82  -2   0  17 0.01  0.0    0  9.8 21 150   M    M   9        25 150
26  91  76  84   0   0  19    T  0.0    0  9.8 21 110   M    M   7 3      25 120
27  93  74  84   0   0  19 0.00  0.0    0  4.8 13  90   M    M   7        18 120
28  96  73  85   1   0  20    T  0.0    0  5.4 21  40   M    M   6 3      28  30
29  95  71  83  -1   0  18 0.00  0.0    0  5.4 15 100   M    M   3        20  40
30  95  76  86   2   0  21 0.00  0.0    0  6.8 17 110   M    M   3        22 120
================================================================================
SM 2734 2188         0 519  2.39     0.0 260.9          M      149
================================================================================
AV 91.1 72.9                               8.7 FASTST   M    M   5    MAX(MPH)
                                 MISC ---->  # 25 330               # 43  310
================================================================================


NOTES:
# LAST OF SEVERAL OCCURRENCES

COLUMN 17 PEAK WIND IN M.P.H.

SYMBOLS USED IN COLUMN 16
1 = FOG OR MIST
2 = FOG REDUCING VISIBILITY
3 = THUNDER
4 = ICE PELLETS
5 = HAIL
6 = FREEZING RAIN OR DRIZZLE
7 = DUSTSTORM OR SANDSTORM:
8 = SMOKE OR HAZE
9 = BLOWING SNOW
X = TORNADO


$$
