464
CXUS52 KCHS 010922
CLMSAV

CLIMATE REPORT
NATIONAL WEATHER SERVICE CHARLESTON SC
405 AM EST WED MAR 1 2017

...................................

...THE SAVANNAH GA CLIMATE SUMMARY FOR THE MONTH OF FEBRUARY 2017...

CLIMATE NORMAL PERIOD 1981 TO 2010
CLIMATE RECORD PERIOD 1871 TO 2017

WEATHER         OBSERVED          NORMAL  DEPART  LAST YEAR`S
                 VALUE   DATE(S)  VALUE   FROM    VALUE  DATE(S)
                                          NORMAL
................................................................
TEMPERATURE (F)
RECORD
 HIGH              86   02/24/2012
                        02/16/1989
                        02/28/1962
 LOW                8   02/13/1899
HIGHEST            84   02/28                         84  02/24
LOWEST             34   02/10                         28  02/11
                                                          02/10
AVG. MAXIMUM     74.0              64.3     9.7     65.6
AVG. MINIMUM     48.7              41.7     7.0     41.8
MEAN             61.4              53.0     8.4     53.7
DAYS MAX >= 90      0               0.0     0.0        0
DAYS MAX <= 32      0               0.0     0.0        0
DAYS MIN <= 32      0               4.5    -4.5        4
DAYS MIN <= 0       0               0.0     0.0        0

PRECIPITATION (INCHES)
RECORD
 MAXIMUM         9.75   2013
 MINIMUM         0.26   1991
TOTALS           2.22              2.79   -0.57     3.28
DAYS >= .01         4               8.1    -4.1        9
DAYS >= .10         1               4.8    -3.8        5
DAYS >= .50         1               2.0    -1.0        2
DAYS >= 1.00        1               0.8     0.2        1
GREATEST
 24 HR. TOTAL    2.08   02/22

SNOWFALL (INCHES)
TOTALS            0.0               0.1    -0.1
SINCE 7/1         0.0               0.3    -0.3

DEGREE_DAYS
HEATING TOTAL     128               343    -215      329
 SINCE 7/1        810              1517    -707
COOLING TOTAL      35                 7      28       21
 SINCE 1/1         58                10      48
.................................................................

WIND (MPH)
AVERAGE WIND SPEED              7.9
HIGHEST WIND SPEED/DIRECTION    31/270
HIGHEST GUST SPEED/DIRECTION    43/270


WEATHER CONDITIONS. NUMBER OF DAYS WITH
THUNDERSTORM              1     MIXED PRECIP               0
HEAVY RAIN                1     RAIN                       3
LIGHT RAIN                8     FREEZING RAIN              0
LT FREEZING RAIN          0     HAIL                       0
HEAVY SNOW                0     SNOW                       0
LIGHT SNOW                0     SLEET                      0
FOG                      13     FOG W/VIS <= 1/4 MILE      2
HAZE                      3

-  INDICATES NEGATIVE NUMBERS.
R  INDICATES RECORD WAS SET OR TIED.
MM INDICATES DATA IS MISSING.
T  INDICATES TRACE AMOUNT.

&&

RECORDS ESTABLISHED AT THE SAVANNAH INTERNATIONAL AIRPORT DURING THE
MONTH:

*3RD WARMEST FEBRUARY ON RECORD
*FEB 22 - RECORD PRECIPITATION OF 2.08 INCHES

$$
