267
CXUS52 KCHS 012329
CLMSAV

CLIMATE REPORT
NATIONAL WEATHER SERVICE CHARLESTON SC
621 PM EST THU DEC 1 2016

...................................

...THE SAVANNAH GA CLIMATE SUMMARY FOR THE MONTH OF NOVEMBER 2016...

CLIMATE NORMAL PERIOD 1981 TO 2010
CLIMATE RECORD PERIOD 1871 TO 2016

WEATHER         OBSERVED          NORMAL  DEPART  LAST YEAR`S
                 VALUE   DATE(S)  VALUE   FROM    VALUE  DATE(S)
                                          NORMAL
................................................................
TEMPERATURE (F)
RECORD
 HIGH              89   11/01/1961
 LOW               15   11/25/1970
HIGHEST            84   11/03                         85  11/02
LOWEST             33   11/22                         33  11/24
AVG. MAXIMUM     73.5              70.6     2.9     73.6
AVG. MINIMUM     48.7              47.9     0.8     54.7
MEAN             61.1              59.3     1.8     64.2
DAYS MAX >= 90      0               0.0     0.0        0
DAYS MAX <= 32      0               0.0     0.0        0
DAYS MIN <= 32      0               1.5    -1.5        0
DAYS MIN <= 0       0               0.0     0.0        0

PRECIPITATION (INCHES)
RECORD
 MAXIMUM         6.28   1898
 MINIMUM         0.01   1922
TOTALS           0.20              2.37   -2.17     3.42
DAYS >= .01         2               6.8    -4.8       10
DAYS >= .10         1               3.9    -2.9        7
DAYS >= .50         0               1.9    -1.9        4
DAYS >= 1.00        0               0.7    -0.7        0
GREATEST
 24 HR. TOTAL    0.14   11/30

SNOWFALL (INCHES)
TOTALS            0.0               0.0     0.0
SINCE 7/1         0.0               0.0     0.0

DEGREE_DAYS
HEATING TOTAL     168               210     -42      103
 SINCE 7/1        180               267     -87
COOLING TOTAL      59                37      22       84
 SINCE 1/1       3011              2449     562
.................................................................

WIND (MPH)
AVERAGE WIND SPEED              6.1
HIGHEST WIND SPEED/DIRECTION    29/190
HIGHEST GUST SPEED/DIRECTION    38/180


WEATHER CONDITIONS. NUMBER OF DAYS WITH
THUNDERSTORM              0     MIXED PRECIP               0
HEAVY RAIN                1     RAIN                       2
LIGHT RAIN                3     FREEZING RAIN              0
LT FREEZING RAIN          0     HAIL                       0
HEAVY SNOW                0     SNOW                       0
LIGHT SNOW                0     SLEET                      0
FOG                      14     FOG W/VIS <= 1/4 MILE      2
HAZE                      6

-  INDICATES NEGATIVE NUMBERS.
R  INDICATES RECORD WAS SET OR TIED.
MM INDICATES DATA IS MISSING.
T  INDICATES TRACE AMOUNT.

&&

RECORDS ESTABLISHED AT THE SAVANNAH INTERNATIONAL AIRPORT DURING THE
MONTH:

*NOV 29 - RECORD HIGH TEMPERATURE OF 82 DEGREES
*NOV 29 - RECORD HIGH MINIMUM TEMPERATURE OF 68 DEGREES
*NOV 30 - RECORD HIGH TEMPERATURE OF 83 DEGREES

$$
