000
CXUS51 KAKQ 012041
CLMSBY


CLIMATE REPORT
NATIONAL WEATHER SERVICE WAKEFIELD, VA
340 PM EST MON DEC 1 2014

...................................

...THE SALISBURY MD CLIMATE SUMMARY FOR THE MONTH OF NOVEMBER 2014...

CLIMATE NORMAL PERIOD 1981 TO 2010
CLIMATE RECORD PERIOD 1900 TO 2014

WEATHER         OBSERVED          NORMAL  DEPART  LAST YEAR`S
                 VALUE   DATE(S)  VALUE   FROM    VALUE  DATE(S)
                                          NORMAL
................................................................
TEMPERATURE (F)
RECORD
 HIGH              85   11/01/1950
 LOW               10   11/29/1930
HIGHEST            74   11/24        67       7       76  11/01
                        11/12
LOWEST             18   11/22        33     -15       23  11/25
AVG. MAXIMUM     57.6              58.6    -1.0     58.7
AVG. MINIMUM     36.2              37.9    -1.7     36.8
MEAN             46.9              48.2    -1.3     47.8
DAYS MAX >= 90      0               0.0     0.0        0
DAYS MAX <= 32      0               0.1    -0.1        0
DAYS MIN <= 32     12               9.4     2.6       10
DAYS MIN <= 0       0               0.0     0.0        0

PRECIPITATION (INCHES)
RECORD
 MAXIMUM         8.85   1911
 MINIMUM         0.09   2001
TOTALS           1.83              3.43   -1.60     1.48
DAILY AVG.       0.06              0.11   -0.05     0.05
DAYS >= .01         5               9.0    -4.0        5
DAYS >= .10         3               5.9    -2.9        4
DAYS >= .50         2               2.1    -0.1        1
DAYS >= 1.00        0               0.9    -0.9        0
GREATEST
 24 HR. TOTAL    0.86   11/26 TO 11/26

SNOWFALL (INCHES)
RECORDS
 TOTAL            6.7   5
                        0
                        -26215
TOTALS            0.0
SINCE 7/1         0.0               0.2    -0.2      0.0
SNOWDEPTH AVG.      0                MM      MM        0
DAYS >= 1.0         0               0.1    -0.1        0
GREATEST
 SNOW DEPTH         0   MM                             0  MM
 24 HR TOTAL      0.0   11/30 TO 11/30           11/30 TO 11/30
                                                          11/30 TO 11/30
                                                          11/30 TO 11/30

DEGREE_DAYS
HEATING TOTAL     539               505      34      517
 SINCE 7/1        672               818    -146      705
COOLING TOTAL       4                 3       1        8
 SINCE 1/1       1379              1153     226     1628
.................................................

WIND (MPH)
AVERAGE WIND SPEED              8.0
HIGHEST WIND SPEED/DIRECTION    33/330    DATE  11/02
HIGHEST GUST SPEED/DIRECTION    43/330    DATE  11/02

SKY COVER
POSSIBLE SUNSHINE (PERCENT)   MM
AVERAGE SKY COVER           0.30

AVERAGE RH (PERCENT)     62

WEATHER CONDITIONS. NUMBER OF DAYS WITH
THUNDERSTORM              0     MIXED PRECIP               0
HEAVY RAIN                4     RAIN                       4
LIGHT RAIN               14     FREEZING RAIN              0
LT FREEZING RAIN          0     HAIL                       0
HEAVY SNOW                0     SNOW                       0
LIGHT SNOW                0     SLEET                      0
FOG                      11     FOG W/VIS <= 1/4 MILE      2
HAZE                      6

-  INDICATES NEGATIVE NUMBERS.
R  INDICATES RECORD WAS SET OR TIED.
MM INDICATES DATA IS MISSING.
T  INDICATES TRACE AMOUNT.

$$
