000
CXUS56 KSEW 011032
CLMSEW


CLIMATE REPORT
NATIONAL WEATHER SERVICE SEATTLE WA
332 AM PDT FRI AUG 1 2014

...................................

...THE SEATTLE WA WFO CLIMATE SUMMARY FOR THE MONTH OF JULY 2014...

CLIMATE NORMAL PERIOD 1981 TO 2010
CLIMATE RECORD PERIOD 1986 TO 2014

WEATHER         OBSERVED          NORMAL  DEPART  LAST YEAR`S
                 VALUE   DATE(S)  VALUE   FROM    VALUE  DATE(S)
                                          NORMAL
................................................................
TEMPERATURE (F)
RECORD
 HIGH             105   07/29/2009
 LOW               47   07/31/2008
HIGHEST            89   07/16        MM      MM       87  07/01
LOWEST             54   07/26        MM      MM       49  07/13
AVG. MAXIMUM     79.7              75.7     4.0     77.7
AVG. MINIMUM     58.3              56.1     2.2     56.6
MEAN             69.0              65.9     3.1     67.1
DAYS MAX >= 90      0               0.7    -0.7        0
DAYS MAX <= 32      0               0.0     0.0        0
DAYS MIN <= 32      0               0.0     0.0        0
DAYS MIN <= 0       0               0.0     0.0        0

PRECIPITATION (INCHES)
RECORD
 MAXIMUM         2.11   1993
 MINIMUM         0.00   2003
TOTALS           1.25              0.79    0.46     0.03
DAILY AVG.       0.04              0.03    0.01     0.00
DAYS >= .01         5               5.8    -0.8        1
DAYS >= .10         3               2.1     0.9        0
DAYS >= .50         1               0.2     0.8        0
DAYS >= 1.00        0               0.0     0.0        0

DEGREE_DAYS
HEATING TOTAL      14                37     -23       13
 SINCE 7/1         14                37     -23       13
COOLING TOTAL     147                65      82       87
 SINCE 1/1        170                82      88      129
.................................................................

WIND (MPH)
HIGHEST GUST SPEED/DIRECTION    MM        DATE   MM


WEATHER CONDITIONS. NUMBER OF DAYS WITH
THUNDERSTORM              0     MIXED PRECIP               0
HEAVY RAIN                0     RAIN                       1
LIGHT RAIN                8     FREEZING RAIN              0
LT FREEZING RAIN          0     HAIL                       0
HEAVY SNOW                0     SNOW                       0
LIGHT SNOW                0     SLEET                      0
FOG                       3     FOG W/VIS <= 1/4 MILE      0
HAZE                      0

-  INDICATES NEGATIVE NUMBERS.
R  INDICATES RECORD WAS SET OR TIED.
MM INDICATES DATA IS MISSING.
T  INDICATES TRACE AMOUNT.

$$
