000
CXUS56 KOTX 011914 CCA
CLMSFF

CLIMATE REPORT...CORRECTED
NATIONAL WEATHER SERVICE SPOKANE, WA
139 AM PDT MON AUG 1 2016

...................................

...THE SPOKANE WA FELTS AIRPORT CLIMATE SUMMARY FOR THE MONTH OF JULY 2016...

CLIMATE NORMAL PERIOD 1981 TO 2010
CLIMATE RECORD PERIOD 9999 TO 9999

WEATHER         OBSERVED          NORMAL  DEPART  LAST YEAR`S
                 VALUE   DATE(S)  VALUE   FROM    VALUE  DATE(S)
                                          NORMAL
................................................................
TEMPERATURE (F)
RECORD
 HIGH              MM   MM
 LOW               MM   MM
HIGHEST            99   07/29        MM      MM      102  07/31
LOWEST             50   07/20        MM      MM       51  07/28
                        07/12
                        07/10
AVG. MAXIMUM     83.3              85.4    -2.1     89.4
AVG. MINIMUM     55.8              54.3     1.5     60.2
MEAN             69.5              69.8    -0.3     74.8
DAYS MAX >= 90      7               9.7    -2.7       15
DAYS MAX <= 32      0               0.0     0.0        0
DAYS MIN <= 32      0               0.0     0.0        0
DAYS MIN <= 0       0               0.0     0.0        0

PRECIPITATION (INCHES)
RECORD
 MAXIMUM           MM   MM
 MINIMUM           MM   MM
TOTALS           1.31              0.82    0.49     0.47
DAILY AVG.       0.04              0.03    0.01     0.02
DAYS >= .01         7                MM      MM        4
DAYS >= .10         2                MM      MM        1
DAYS >= .50         1                MM      MM        0
DAYS >= 1.00        0                MM      MM        0
GREATEST
 24 HR. TOTAL    0.90   07/22 TO 07/22           07/10 TO 07/11

DEGREE_DAYS
HEATING TOTAL      11                21     -10        0
 SINCE 7/1         11                21     -10        0
COOLING TOTAL     161               171     -10      314
 SINCE 1/1        279               218      61      576
..................................................

WIND (MPH)
AVERAGE WIND SPEED              5.2
HIGHEST WIND SPEED/DIRECTION    30/220    DATE  07/03
HIGHEST GUST SPEED/DIRECTION    37/230    DATE  07/03

SKY COVER
POSSIBLE SUNSHINE (PERCENT)   MM
AVERAGE SKY COVER           0.20
NUMBER OF DAYS FAIR           20
NUMBER OF DAYS PC             11
NUMBER OF DAYS CLOUDY          0

AVERAGE RH (PERCENT)     51

WEATHER CONDITIONS. NUMBER OF DAYS WITH
THUNDERSTORM              2     MIXED PRECIP               0
HEAVY RAIN                2     RAIN                       1
LIGHT RAIN                7     FREEZING RAIN              0
LT FREEZING RAIN          0     HAIL                       0
HEAVY SNOW                0     SNOW                       0
LIGHT SNOW                0     SLEET                      0
FOG                       5     FOG W/VIS <= 1/4 MILE      0
HAZE                      5

-  INDICATES NEGATIVE NUMBERS.
R  INDICATES RECORD WAS SET OR TIED.
MM INDICATES DATA IS MISSING.
T  INDICATES TRACE AMOUNT.

$$
