000
CXUS54 KSJT 011705
CLMSJT


CLIMATE REPORT
NATIONAL WEATHER SERVICE SAN ANGELO TX
1153 AM CDT SAT NOV 1 2014

...................................

...THE SAN ANGELO CLIMATE SUMMARY FOR THE MONTH OF OCTOBER 2014...

CLIMATE NORMAL PERIOD 1981 TO 2010
CLIMATE RECORD PERIOD 1907 TO 2014

WEATHER         OBSERVED          NORMAL  DEPART  LAST YEAR`S
                 VALUE   DATE(S)  VALUE   FROM    VALUE  DATE(S)
                                          NORMAL
................................................................
TEMPERATURE (F)
RECORD
 HIGH             102   10/13/1926
 LOW               19   10/30/1917
HIGHEST            98   10/07                         90  10/03
                                                          10/01
LOWEST             42   10/15                         39  10/19
AVG. MAXIMUM     86.1              78.8     7.3     78.8
AVG. MINIMUM     55.7              53.6     2.1     54.2
MEAN             70.9              66.2     4.7     66.5
DAYS MAX >= 90     13               2.1    10.9        2
DAYS MAX <= 32      0               0.0     0.0        0
DAYS MIN <= 32      0               0.3    -0.3        0
DAYS MIN <= 0       0               0.0     0.0        0

PRECIPITATION (INCHES)
RECORD
 MAXIMUM         8.86   1981
 MINIMUM         0.00   1875
                        1876
                        1885
TOTALS           0.44              2.73   -2.29     1.46
DAILY AVG.       0.01              0.09   -0.08     0.05
DAYS >= .01         3               6.2    -3.2        7
DAYS >= .10         2               4.3    -2.3        2
DAYS >= .50         0               1.9    -1.9        2
DAYS >= 1.00        0               0.7    -0.7        0
GREATEST
 24 HR. TOTAL    0.22   10/13 TO 10/13



SNOWFALL (INCHES)
RECORDS
 TOTAL            0.0   2013
                        2012
                        2011
TOTALS            0.0               0.0     0.0      0.0
SINCE 7/1         0.0               0.0     0.0      0.0
SNOWDEPTH AVG.      0                MM      MM        0
DAYS >= 1.0         0               0.0     0.0        0
GREATEST
 SNOW DEPTH         0   MM                             0  MM

DEGREE_DAYS
HEATING TOTAL      16                82     -66       82
 SINCE 7/1         21                91     -70       82
COOLING TOTAL     210               119      91      137
 SINCE 1/1       2862              2484     378     2851
.......................................................

WIND (MPH)
AVERAGE WIND SPEED              8.6
HIGHEST WIND SPEED/DIRECTION    31/330    DATE  10/13
HIGHEST GUST SPEED/DIRECTION    42/340    DATE  10/13

SKY COVER
AVERAGE SKY COVER           0.10

AVERAGE RH (PERCENT)     56

WEATHER CONDITIONS. NUMBER OF DAYS WITH
THUNDERSTORM              0     MIXED PRECIP               0
HEAVY RAIN                2     RAIN                       0
LIGHT RAIN                3     FREEZING RAIN              0
LT FREEZING RAIN          0     HAIL                       0
HEAVY SNOW                0     SNOW                       0
LIGHT SNOW                0     SLEET                      0
FOG                       6     FOG W/VIS <= 1/4 MILE      1
HAZE                      2

-  INDICATES NEGATIVE NUMBERS.
R  INDICATES RECORD WAS SET OR TIED.
MM INDICATES DATA IS MISSING.
T  INDICATES TRACE AMOUNT.

$$
