000
CXUS56 KPQR 011743
CLMSLE


CLIMATE REPORT
NATIONAL WEATHER SERVICE PORTLAND OREGON
943 AM PST MON FEB 1 2016

...................................

...THE SALEM OR CLIMATE SUMMARY FOR THE MONTH OF JANUARY 2016...

CLIMATE NORMAL PERIOD 1981 TO 2010
CLIMATE RECORD PERIOD 1892 TO 2016

WEATHER         OBSERVED          NORMAL  DEPART  LAST YEAR`S
                 VALUE   DATE(S)  VALUE   FROM    VALUE  DATE(S)
                                          NORMAL
................................................................
TEMPERATURE (F)
HIGHEST            62                                 64  01/24
LOWEST             24                                 23  01/02
AVG. MAXIMUM     49.0              47.7     1.3     51.2
AVG. MINIMUM     37.7              34.7     3.0     37.1
MEAN             43.3              41.2     2.1     44.1
DAYS MAX >= 90      0               0.0     0.0        0
DAYS MAX <= 32      1               0.3     0.7        0
DAYS MIN <= 32      7              11.1    -4.1        8
DAYS MIN <= 0       0               0.0     0.0        0

PRECIPITATION (INCHES)
RECORD
 MAXIMUM        15.40   1953
 MINIMUM         0.24   1985
TOTALS           7.82              5.96    1.86     3.21
DAYS >= .01        25              17.7     7.3       10
DAYS >= .10        19              12.5     6.5        4
DAYS >= .50         5               4.3     0.7        2
DAYS >= 1.00        1               1.0     0.0        1
GREATEST
 24 HR. TOTAL    1.06   01/12 TO 01/13

DEGREE_DAYS
HEATING TOTAL     664               738     -74      641
 SINCE 7/1       2182              2627    -445     2021
COOLING TOTAL       0                 0       0        0
 SINCE 1/1          0                 0       0        0
.................................................................

WIND (MPH)
AVERAGE WIND SPEED              5.6
RESULTANT WIND SPEED/DIRECTION   2/187
HIGHEST WIND SPEED/DIRECTION    28/220    DATE  01/29
HIGHEST GUST SPEED/DIRECTION    37/210    DATE  01/29

SKY COVER
POSSIBLE SUNSHINE (PERCENT)   MM
AVERAGE SKY COVER           0.70
NUMBER OF DAYS FAIR            3
NUMBER OF DAYS PC              9
NUMBER OF DAYS CLOUDY         19

AVERAGE RH (PERCENT)     82

WEATHER CONDITIONS. NUMBER OF DAYS WITH
THUNDERSTORM              0     MIXED PRECIP               0
HEAVY RAIN                1     RAIN                      12
LIGHT RAIN               25     FREEZING RAIN              0
LT FREEZING RAIN          1     HAIL                       0
HEAVY SNOW                0     SNOW                       0
LIGHT SNOW                1     SLEET                      0
FOG                      26     FOG W/VIS <= 1/4 MILE      8
HAZE                      5

-  INDICATES NEGATIVE NUMBERS.
R  INDICATES RECORD WAS SET OR TIED.
MM INDICATES DATA IS MISSING.
T  INDICATES TRACE AMOUNT.

$$
