000
CXUS55 KCYS 021523
CLMSNY


CLIMATE REPORT
NATIONAL WEATHER SERVICE CHEYENNE WY
923 AM MDT SUN AUG 2 2015

...................................

...THE SIDNEY NE AIRPORT CLIMATE SUMMARY FOR THE MONTH OF JULY 2015...

CLIMATE NORMAL PERIOD 1981 TO 2010
CLIMATE RECORD PERIOD 1948 TO 2015

WEATHER         OBSERVED          NORMAL  DEPART  LAST YEAR`S
                 VALUE   DATE(S)  VALUE   FROM    VALUE
                                          NORMAL
.............................................................
TEMPERATURE (F)
RECORD
 HIGH             108   07/09/1989
 LOW               37   07/30/1971
                        07/08/1952
HIGHEST            98   07/26        MM      MM      104
                        07/23
LOWEST             46   07/29        MM      MM       47
AVG. MAXIMUM     87.6              90.5    -2.9     88.5
AVG. MINIMUM     56.9              59.9    -3.0     57.3
MEAN             72.2              75.2    -3.0     72.9
DAYS MAX >= 90     16              17.0               17
DAYS MAX <= 32      0               0.0                0
DAYS MIN <= 32      0               0.0                0
DAYS MIN <= 0       0               0.0                0

PRECIPITATION (INCHES)
RECORD
 MAXIMUM         7.94   1957
 MINIMUM         0.15   1959
TOTALS           1.64              2.96   -1.32     0.35
DAYS >= .01        12              10.7     1.3        7
DAYS >= .10         4               5.7    -1.7        2
DAYS >= .50         1               2.0    -1.0        0
DAYS >= 1.00        0               0.7    -0.7        0
GREATEST
 24 HR. TOTAL    0.68   07/08 TO 07/08

DEGREE_DAYS
HEATING TOTAL       7                 3       4        9
 SINCE 7/1          7                 3       4        9
COOLING TOTAL     240               319     -79      259
 SINCE 1/1        349               478    -129      343
..............................................................

WIND (MPH)
AVERAGE WIND SPEED              9.3
HIGHEST WIND SPEED/DIRECTION    58/210    DATE  07/26
HIGHEST GUST SPEED/DIRECTION    71/210    DATE  07/26

SKY COVER
POSSIBLE SUNSHINE (PERCENT)   MM
AVERAGE SKY COVER           0.20
NUMBER OF DAYS FAIR           24
NUMBER OF DAYS PC              4
NUMBER OF DAYS CLOUDY          3

AVERAGE RH (PERCENT)     61

WEATHER CONDITIONS. NUMBER OF DAYS WITH
THUNDERSTORM              0     MIXED PRECIP               0
HEAVY RAIN                0     RAIN                       3
LIGHT RAIN               13     FREEZING RAIN              0
LT FREEZING RAIN          0     HAIL                       0
HEAVY SNOW                0     SNOW                       0
LIGHT SNOW                0     SLEET                      0
FOG                      11     FOG W/VIS <= 1/4 MILE      0
HAZE                      8

-  INDICATES NEGATIVE NUMBERS.
R  INDICATES RECORD WAS SET OR TIED.
MM INDICATES DATA IS MISSING.
T  INDICATES TRACE AMOUNT.

$$
