000
CXUS54 KOUN 011324
CLMSPS

CLIMATE REPORT
NATIONAL WEATHER SERVICE NORMAN OK
815 AM CDT SAT APR 1 2017

...................................

...THE WICHITA FALLS CLIMATE SUMMARY FOR THE MONTH OF MARCH 2017...

CLIMATE NORMAL PERIOD 1981 TO 2010
CLIMATE RECORD PERIOD 1897 TO 2017

WEATHER         OBSERVED          NORMAL  DEPART  LAST YEAR`S
                 VALUE   DATE(S)  VALUE   FROM    VALUE  DATE(S)
                                          NORMAL
................................................................
TEMPERATURE (F)
RECORD
 HIGH             100   MM
 LOW                9   03/03/2014
HIGHEST            92                88       4       86  03/14
LOWEST             28                23       5       29  03/20
AVG. MAXIMUM     73.9              67.0     6.9     70.4
AVG. MINIMUM     46.1              41.2     4.9     45.0
MEAN             60.0              54.1     5.9     57.7
DAYS MAX >= 90      1               0.7     0.3        0
DAYS MAX <= 32      0               0.1    -0.1        0
DAYS MIN <= 32      3               4.9    -1.9        3
DAYS MIN <= 0       0               0.0     0.0        0

PRECIPITATION (INCHES)
RECORD
 MAXIMUM         6.29   1999
 MINIMUM         0.00   1904
TOTALS           0.75              2.20   -1.45     1.35
DAILY AVG.       0.02              0.07   -0.05     0.04
DAYS >= .01         6               6.7    -0.7        6
DAYS >= .10         2               3.7    -1.7        3
DAYS >= .50         0               1.5    -1.5        1
DAYS >= 1.00        0               0.5    -0.5        0
GREATEST
 24 HR. TOTAL    0.37   03/28 TO 03/28

SNOWFALL (INCHES)
TOTALS            0.0               0.5    -0.5
SINCE 7/1           T               3.9    -3.9

DEGREE_DAYS
HEATING TOTAL     204               357    -153
 SINCE 7/1       2048              2803    -755
COOLING TOTAL      57                19      38
 SINCE 1/1         75                22      53
.................................................................

WIND (MPH)
AVERAGE WIND SPEED              13.0
HIGHEST WIND SPEED/DIRECTION    40/170    DATE  03/23
HIGHEST GUST SPEED/DIRECTION    51/230    DATE  03/24


WEATHER CONDITIONS. NUMBER OF DAYS WITH
THUNDERSTORM              0     MIXED PRECIP               0
HEAVY RAIN                1     RAIN                       2
LIGHT RAIN                5     FREEZING RAIN              0
LT FREEZING RAIN          0     HAIL                       0
HEAVY SNOW                0     SNOW                       0
LIGHT SNOW                0     SLEET                      0
FOG                       7     FOG W/VIS <= 1/4 MILE      1
HAZE                      4

-  INDICATES NEGATIVE NUMBERS.
R  INDICATES RECORD WAS SET OR TIED.
MM INDICATES DATA IS MISSING.
T  INDICATES TRACE AMOUNT.
..................................................................
RECORD EVENTS/REMARKS
RECORD MAX TEMP OF 92 DEGREES TIED ON THE 20TH.
8TH WARMEST MARCH ON RECORD.
THE JANUARY THROUGH MARCH 2016 TOTAL PRECIPITATION IS 4.72 INCHES.
$$
