000
CXUS53 KMPX 011313
CLMSTC


CLIMATE REPORT
NATIONAL WEATHER SERVICE CHANHASSEN MN
811 AM CDT SUN MAY 1 2016

...................................

...THE ST CLOUD MN CLIMATE SUMMARY FOR THE MONTH OF APRIL 2016...

CLIMATE NORMAL PERIOD 1981 TO 2010
CLIMATE RECORD PERIOD 1893 TO 2016

WEATHER         OBSERVED          NORMAL  DEPART  LAST YEAR`S
                 VALUE   DATE(S)  VALUE   FROM    VALUE  DATE(S)
                                          NORMAL
................................................................
TEMPERATURE (F)
RECORD
 HIGH              96   04/21/1980
 LOW               -3   04/04/1975
HIGHEST            80   04/14        67      13       77  04/12
LOWEST             13   04/09        25     -12       23  04/03
AVG. MAXIMUM     54.6              56.3    -1.7     58.1
AVG. MINIMUM     34.9              32.7     2.2     34.6
MEAN             44.8              44.5     0.3     46.3
DAYS MAX >= 90      0               0.0     0.0        0
DAYS MAX <= 32      0               0.6    -0.6        0
DAYS MIN <= 32     13              14.2    -1.2       15
DAYS MIN <= 0       0               0.0     0.0        0

PRECIPITATION (INCHES)
RECORD
 MAXIMUM         8.42   2001
 MINIMUM         0.05   1987
TOTALS           1.74              2.57   -0.83     1.67
DAILY AVG.       0.06              0.09   -0.03     0.06
DAYS >= .01        14               9.1     4.9       10
DAYS >= .10         3               5.2    -2.2        3
DAYS >= .50         1               1.7    -0.7        1
DAYS >= 1.00        0               0.4    -0.4        0
GREATEST
 24 HR. TOTAL    0.91   04/24 TO 04/25

SNOWFALL (INCHES)
RECORDS
 TOTAL           24.4   2013
TOTALS            1.6               3.0    -1.4      1.0
SINCE 7/1        30.3              45.7   -15.4     31.1
SNOWDEPTH AVG.      0                MM      MM        0
DAYS >= 1.0         1               1.0     0.0        1
GREATEST
 SNOW DEPTH         0   MM                             0  MM
 24 HR TOTAL      1.1   MM

DEGREE_DAYS
HEATING TOTAL     605               617     -12      551
 SINCE 7/1       6873              8167   -1294     7810
COOLING TOTAL       5                 2       3        0
 SINCE 1/1          5                 2       3        0
.................................................................

WIND (MPH)
AVERAGE WIND SPEED              10.2
HIGHEST WIND SPEED/DIRECTION    38/310    DATE  04/02
HIGHEST GUST SPEED/DIRECTION    47/310    DATE  04/02

SKY COVER
POSSIBLE SUNSHINE (PERCENT)   MM
AVERAGE SKY COVER           0.60
NUMBER OF DAYS FAIR           10
NUMBER OF DAYS PC              9
NUMBER OF DAYS CLOUDY         11

AVERAGE RH (PERCENT)     63

WEATHER CONDITIONS. NUMBER OF DAYS WITH
THUNDERSTORM              0     MIXED PRECIP               0
HEAVY RAIN                1     RAIN                       3
LIGHT RAIN               12     FREEZING RAIN              0
LT FREEZING RAIN          0     HAIL                       0
HEAVY SNOW                1     SNOW                       0
LIGHT SNOW                7     SLEET                      0
FOG                      15     FOG W/VIS <= 1/4 MILE      1
HAZE                      8

-  INDICATES NEGATIVE NUMBERS.
R  INDICATES RECORD WAS SET OR TIED.
MM INDICATES DATA IS MISSING.
T  INDICATES TRACE AMOUNT.

$$
