000
CXUS52 KTAE 072140
CLMTLH

CLIMATE REPORT
NATIONAL WEATHER SERVICE TALLAHASSEE FL
840 AM EDT THU SEP 1 2016

...................................

...THE TALLAHASSEE CLIMATE SUMMARY FOR THE MONTH OF AUGUST 2016...

CLIMATE NORMAL PERIOD 1981 TO 2010
CLIMATE RECORD PERIOD 1896 TO 2016

WEATHER         OBSERVED          NORMAL  DEPART  LAST YEAR`S
                 VALUE   DATE(S)  VALUE   FROM    VALUE  DATE(S)
                                          NORMAL
................................................................
TEMPERATURE (F)
RECORD
 HIGH             103   08/15/1995
 LOW               57   08/23/1997
HIGHEST           100   08/23
LOWEST             73   08/15
AVG. MAXIMUM     93.5              91.5     2.0
AVG. MINIMUM     75.9              72.1     3.8
MEAN             84.7              81.8     2.9
DAYS MAX >= 90     27              22.0     5.0
DAYS MAX <= 32      0               0.0     0.0
DAYS MIN <= 32      0               0.0     0.0
DAYS MIN <= 0       0               0.0     0.0

PRECIPITATION (INCHES)
RECORD
 MAXIMUM        16.52   2008
 MINIMUM         2.03   2011
TOTALS           7.60              7.35    0.25
DAILY AVG.       0.25              0.24    0.01
DAYS >= .01        16              14.4     1.6
DAYS >= .10        12               9.5     2.5
DAYS >= .50         5               4.8     0.2
DAYS >= 1.00        3               2.3     0.7
GREATEST
 24 HR. TOTAL    2.10   08/09 TO 08/10

SNOWFALL (INCHES)
RECORDS
 TOTAL            0.0
TOTALS            0.0
SINCE 7/1         0.0               0.0     0.0
SNOWDEPTH AVG.      0
DAYS >= 1.0         0               0.0     0.0
GREATEST
 SNOW DEPTH         0
 24 HR TOTAL      0.0

DEGREE_DAYS
HEATING TOTAL       0                 0       0
 SINCE 7/1          0                 0       0
COOLING TOTAL     619               521      98
 SINCE 1/1       2405              1953     452
.................................................................

WIND (MPH)
AVERAGE WIND SPEED              5.4
HIGHEST WIND SPEED/DIRECTION    30/290    DATE  08/20
HIGHEST GUST SPEED/DIRECTION    39/110    DATE  08/14

SKY COVER
AVERAGE SKY COVER           0.50

AVERAGE RH (PERCENT)     74

WEATHER CONDITIONS. NUMBER OF DAYS WITH
THUNDERSTORM              0     MIXED PRECIP               0
HEAVY RAIN               11     RAIN                       8
LIGHT RAIN               17     FREEZING RAIN              0
LT FREEZING RAIN          0     HAIL                       0
HEAVY SNOW                0     SNOW                       0
LIGHT SNOW                0     SLEET                      0
FOG                      21     FOG W/VIS <= 1/4 MILE      3
HAZE                      6

-  INDICATES NEGATIVE NUMBERS.
R  INDICATES RECORD WAS SET OR TIED.
MM INDICATES DATA IS MISSING.
T  INDICATES TRACE AMOUNT.

$$
