000
CXUS51 KCLE 020055
CLMTOL


CLIMATE REPORT
NATIONAL WEATHER SERVICE CLEVELAND OH
734 PM EST FRI DEC 1 2017

...................................

...THE TOLEDO OH CLIMATE SUMMARY FOR THE MONTH OF NOVEMBER 2017...

CLIMATE NORMAL PERIOD 1981 TO 2010
CLIMATE RECORD PERIOD 1873 TO 2017

WEATHER         OBSERVED          NORMAL  DEPART  LAST YEAR`S
                 VALUE   DATE(S)  VALUE   FROM    VALUE
                                          NORMAL
.............................................................
TEMPERATURE (F)
RECORD
 HIGH              80   11/04/2003
                        11/01/1950
 LOW                2   11/30/1958
HIGHEST            66   11/28
                        11/05
LOWEST             20   11/10
AVG. MAXIMUM     49.4              49.7    -0.3     55.2
AVG. MINIMUM     33.7              33.2     0.5     35.7
MEAN             41.5              41.4     0.1     45.5
DAYS MAX >= 90      0               0.0     0.0        0
DAYS MAX <= 32      1               1.1    -0.1        0
DAYS MIN <= 32     14              14.7    -0.7       10
DAYS MIN <= 0       0               0.0     0.0        0

PRECIPITATION (INCHES)
RECORD
 MAXIMUM         7.15   2011
 MINIMUM         0.04   1904
TOTALS           5.18              2.86    2.32     1.80
DAYS >= .01        11              11.4    -0.4        7
DAYS >= .10         6               6.2    -0.2        3
DAYS >= .50         3               1.8     1.2        2
DAYS >= 1.00        2               0.6     1.4        0
GREATEST
 24 HR. TOTAL    2.03   11/05 TO 11/05              0.71

SNOWFALL (INCHES)
RECORDS
 TOTAL           17.9   1966
TOTALS              T               1.9    -1.9        T
SINCE 7/1           T               2.1    -2.1        T
DAYS >= 1.0         0               0.7    -0.7        0
GREATEST
 24 HR TOTAL        TR  11/19 TO 11/19

DEGREE_DAYS
HEATING TOTAL     695               707     -12      580
 SINCE 7/1       1048              1233    -185      924
COOLING TOTAL       0                 0       0        4
 SINCE 1/1        744               793     -49     1037
..............................................................

WIND (MPH)
AVERAGE WIND SPEED              8.2
HIGHEST WIND SPEED/DIRECTION    31/250    DATE  11/21
HIGHEST GUST SPEED/DIRECTION    37/230    DATE  11/21

SKY COVER
AVERAGE SKY COVER           0.50

AVERAGE RH (PERCENT)     74

WEATHER CONDITIONS. NUMBER OF DAYS WITH
THUNDERSTORM              0     MIXED PRECIP               0
HEAVY RAIN                3     RAIN                       6
LIGHT RAIN               13     FREEZING RAIN              0
LT FREEZING RAIN          0     HAIL                       0
HEAVY SNOW                0     SNOW                       0
LIGHT SNOW                3     SLEET                      0
FOG                      11     FOG W/VIS <= 1/4 MILE      2
HAZE                      1

-  INDICATES NEGATIVE NUMBERS.
R  INDICATES RECORD WAS SET OR TIED.
MM INDICATES DATA IS MISSING.
T  INDICATES TRACE AMOUNT.

$$
