000
CXUS53 KTOP 011444 CCA
CLMTOP

CLIMATE REPORT
NATIONAL WEATHER SERVICE TOPEKA KS...CORRECTION
939 AM CDT WED JUL 1 2015

...................................

...THE TOPEKA KS CLIMATE SUMMARY FOR THE MONTH OF JUNE 2015...

CLIMATE NORMAL PERIOD 1981 TO 2010
CLIMATE RECORD PERIOD 1887 TO 2015

WEATHER         OBSERVED          NORMAL  DEPART  LAST YEAR`S
                 VALUE   DATE(S)  VALUE   FROM    VALUE  DATE(S)
                                          NORMAL
................................................................
TEMPERATURE (F)
RECORD
 HIGH             109   06/19/1936
 LOW               36   06/02/1888
HIGHEST            98   06/20        88      10       94
LOWEST             56   06/02        59      -3       54
AVG. MAXIMUM     86.9              84.7     2.2     85.6
AVG. MINIMUM     67.1              63.7     3.4     66.5
MEAN             77.0              74.2     2.8     76.0
DAYS MAX >= 90     11               6.6     4.4        7
DAYS MAX <= 32      0               0.0     0.0        0
DAYS MIN <= 32      0               0.0     0.0        0
DAYS MIN <= 0       0               0.0     0.0        0

PRECIPITATION (INCHES)
RECORD
 MAXIMUM        15.20   1967
 MINIMUM         0.55   1911
TOTALS           6.22              5.40    0.82     6.23
DAILY AVG.       0.21              0.18    0.03     0.21
DAYS >= .01        10              11.5    -1.5       14
DAYS >= .10         6               7.5    -1.5        9
DAYS >= .50         3               3.4    -0.4        5
DAYS >= 1.00        3               1.8     1.2        2
GREATEST
 24 HR. TOTAL    4.10   06/04 TO 06/05              2.43

SNOWFALL (INCHES)
RECORDS
 TOTAL              T   2013
                        2009
                        2008
TOTALS            0.0               0.0     0.0      0.0
SINCE 7/1        10.3              17.8    -7.5     27.4
SNOWDEPTH AVG.      0                                  0
DAYS >= 1.0         0               0.0     0.0        0
GREATEST
 SNOW DEPTH         0   MM                             0  MM
 24 HR TOTAL      0.0   06/30 TO 06/30               0.0

DEGREE_DAYS
HEATING TOTAL       0                 8      -8        0
 SINCE 7/1       4874              5021    -147     5440
COOLING TOTAL     368               284      84      336
 SINCE 1/1        450               410      40      553
.................................................................

WIND (MPH)
AVERAGE WIND SPEED              7.7
HIGHEST WIND SPEED/DIRECTION    38/020    DATE  06/26
HIGHEST GUST SPEED/DIRECTION    50/010    DATE  06/26

SKY COVER
POSSIBLE SUNSHINE (PERCENT)   MM
AVERAGE SKY COVER           0.30
NUMBER OF DAYS FAIR           19
NUMBER OF DAYS PC              8
NUMBER OF DAYS CLOUDY          3

AVERAGE RH (PERCENT)     72

WEATHER CONDITIONS. NUMBER OF DAYS WITH
THUNDERSTORM              9     MIXED PRECIP               0
HEAVY RAIN                5     RAIN                       4
LIGHT RAIN               13     FREEZING RAIN              0
LT FREEZING RAIN          0     HAIL                       0
HEAVY SNOW                0     SNOW                       0
LIGHT SNOW                0     SLEET                      0
FOG                      14     FOG W/VIS <= 1/4 MILE      2
HAZE                      4

-  INDICATES NEGATIVE NUMBERS.
R  INDICATES RECORD WAS SET OR TIED.
MM INDICATES DATA IS MISSING.
T  INDICATES TRACE AMOUNT.

------------------------

REMARKS...

JUNE STARTED VERY WET WITH NEARLY FIVE INCHES OF RAIN FALLING IN THE
FIRST SEVERAL DAYS OF THE MONTH. MUCH OF THIS FELL FROM THE EVENING
OF THE FOURTH TO THE MORNING OF THE FIFTH AS A FEW ROUNDS OF INTENSE
THUNDERSTORMS PASSED THROUGH...RESULTING IN FLASH FLOODING IN
PORTIONS OF THE CITY. 60 TO 70 MPH WINDS BROUGHT DOWN SOME TREE
LIMBS AND 1.25 INCH HAIL FELL WITH THE INITIAL THUNDERSTORMS. MORE
TREE LIMB DAMAGE OCCURRED IN THE EARLY MORNING HOUR OF JUNE 26.
TEMPERATURES FOR THE MONTH WERE RARELY BELOW NORMAL VALUES...WITH
THE AVERAGE TEMPERATURE FOR THE MONTH PLACING AS THE TWENTIETH
HIGHEST VALUE ON RECORD.

$$
