000
CXUS54 KMRX 011658
CLMTRI


CLIMATE REPORT
NATIONAL WEATHER SERVICE MORRISTOWN TN
1158 AM EST WED FEB 1 2017

...................................

...THE TRI-CITIES      ASOS CLIMATE SUMMARY FOR THE MONTH OF JANUARY 2017...

CLIMATE NORMAL PERIOD 1981 TO 2010
CLIMATE RECORD PERIOD 1934 TO 2017

WEATHER         OBSERVED          NORMAL  DEPART
                 VALUE   DATE(S)  VALUE   FROM
                                          NORMAL
................................................
TEMPERATURE (F)
HIGHEST            69   01/22
                        01/16
LOWEST              7   01/08
AVG. MAXIMUM     53.0              45.3     7.7
AVG. MINIMUM     35.8              25.0    10.8
MEAN             44.4              35.2     9.2
DAYS MAX >= 90      0
DAYS MAX <= 32      2
DAYS MIN <= 32     13
DAYS MIN <= 0       0

PRECIPITATION (INCHES)
RECORD
 MAXIMUM         9.99   2013
 MINIMUM         1.06   1940
TOTALS           2.56              3.37   -0.81
DAYS >= .01        19
DAYS >= .10         9
DAYS >= .50         0
DAYS >= 1.00        0
GREATEST
 24 HR. TOTAL    0.44   01/03 TO 01/04

SNOWFALL (INCHES)
TOTALS            4.0               4.7    -0.7
SINCE 7/1         4.0
SNOWDEPTH AVG.      0
DAYS >= TRACE       6
GREATEST
 SNOW DEPTH         3   01/07

DEGREE_DAYS
HEATING TOTAL     633               925    -292
 SINCE 7/1       2030              2654    -624
COOLING TOTAL       0                 0       0
 SINCE 1/1          0                 0       0
.................................................



-  INDICATES NEGATIVE NUMBERS.
R  INDICATES RECORD WAS SET OR TIED.
MM INDICATES DATA IS MISSING.
T  INDICATES TRACE AMOUNT.

$$
