000
CXUS54 KTSA 011820
CLMTUL

CLIMATE REPORT
NATIONAL WEATHER SERVICE TULSA OK
1214 PM CST SUN MAR 1 2015

...................................

...THE TULSA OKLAHOMA CLIMATE SUMMARY FOR THE MONTH OF FEBRUARY 2015...

CLIMATE NORMAL PERIOD 1981 TO 2010
CLIMATE RECORD PERIOD 1882 TO 2015

WEATHER         OBSERVED          NORMAL  DEPART  LAST YEAR`S
                 VALUE   DATE(S)  VALUE   FROM    VALUE  DATE(S)
                                          NORMAL
................................................................
TEMPERATURE (F)
RECORD
 HIGH              90   02/22/1996
                        02/01/1911
 LOW              -15   02/13/1905
HIGHEST            79   02/08        53      26       74  02/18
LOWEST             11   02/02        31     -20        8  02/06
                                                          02/03
AVG. MAXIMUM     47.5              53.2    -5.7     47.8
AVG. MINIMUM     24.5              31.3    -6.8     25.3
MEAN             36.0              42.3    -6.3     36.5
DAYS MAX >= 90      0               0.0     0.0        0
DAYS MAX <= 32      4               1.6     2.4        7
DAYS MIN <= 32     24              14.8     9.2       20
DAYS MIN <= 0       0               0.1    -0.1        0

PRECIPITATION (INCHES)
RECORD
 MAXIMUM         5.74   MM
 MINIMUM         0.00   MM
TOTALS           1.57              1.85   -0.28     0.32
DAILY AVG.       0.06              0.07   -0.01     0.01
DAYS >= .01        10               6.6     3.4        6
DAYS >= .10         5               4.0     1.0        1
DAYS >= .50         1               1.0     0.0        0
DAYS >= 1.00        0               0.3    -0.3        0
GREATEST
 24 HR. TOTAL    0.96   02/15 TO 02/16

SNOWFALL (INCHES)
RECORDS
 TOTAL           22.5   2011
TOTALS            5.8               1.8     4.0      3.9
SINCE 7/1         8.2               7.5     0.7     10.0
SNOWDEPTH AVG.      0                MM      MM        0
DAYS >= 1.0         2               0.6     1.4        1
GREATEST
 SNOW DEPTH         3   02/17                          2  02/03
                        02/16
 24 HR TOTAL      2.7   MM

DEGREE_DAYS
HEATING TOTAL     805               638     167      790
 SINCE 7/1       3015              2911     104     3301
.................................................................

WIND (MPH)
AVERAGE WIND SPEED              9.6
HIGHEST WIND SPEED/DIRECTION    36/310    DATE  02/17
HIGHEST GUST SPEED/DIRECTION    45/300    DATE  02/17

SKY COVER
POSSIBLE SUNSHINE (PERCENT)   MM
AVERAGE SKY COVER           0.50
NUMBER OF DAYS FAIR            7
NUMBER OF DAYS PC             15
NUMBER OF DAYS CLOUDY          6

AVERAGE RH (PERCENT)     64

WEATHER CONDITIONS. NUMBER OF DAYS WITH
THUNDERSTORM              4     MIXED PRECIP               0
HEAVY RAIN                0     RAIN                       1
LIGHT RAIN                5     FREEZING RAIN              0
LT FREEZING RAIN          3     HAIL                       0
HEAVY SNOW                1     SNOW                       2
LIGHT SNOW                5     SLEET                      2
FOG                      14     FOG W/VIS <= 1/4 MILE      2
HAZE                      4

-  INDICATES NEGATIVE NUMBERS.
R  INDICATES RECORD WAS SET OR TIED.
MM INDICATES DATA IS MISSING.
T  INDICATES TRACE AMOUNT.

&&
-------------------------------------------------------------------
 YEARLY PRECIPITATION (INCHES):
 TOTAL..................... 2.32
 DEPARTURE FROM NORMAL.....-1.19
$$
