000
CXUS54 KMEG 160129
CLMTUP


CLIMATE REPORT
NATIONAL WEATHER SERVICE MEMPHIS TN
728 PM CST MON JAN 15 2018

...................................

...THE TUPELO CLIMATE SUMMARY FOR THE YEAR OF 2017...

CLIMATE NORMAL PERIOD 1981 TO 2010
CLIMATE RECORD PERIOD 1930 TO 2018

WEATHER         OBSERVED          NORMAL  DEPART  LAST YEAR`S
                 VALUE   DATE(S)  VALUE   FROM    VALUE  DATE(S)
                                          NORMAL
................................................................
TEMPERATURE (F)
RECORD
 HIGH             109   07/29/1930
 LOW              -14   01/27/1940
HIGHEST            98   07/26                         98  09/25
                        07/20                             09/24
                        07/21                             08/04
LOWEST             12   01/08                         17  01/19
                                                          01/11
AVG. MAXIMUM     75.2              73.4     1.8     76.2
AVG. MINIMUM     53.4              51.5     1.9     53.6
MEAN             64.3              62.5     1.8     64.9
DAYS MAX >= 90     62              65.4    -3.4      104
DAYS MAX <= 32      3               2.6     0.4        1
DAYS MIN <= 32     46              53.0    -7.0       52
DAYS MIN <= 0       0               0.1    -0.1        0

PRECIPITATION (INCHES)
RECORD
 MAXIMUM        81.05   1991
 MINIMUM        34.55   1943
TOTALS          47.82             55.01   -7.19    46.27
DAILY AVG.       0.13              0.15   -0.02     0.12
DAYS >= .01       121             110.3    10.7      106
DAYS >= .10        70              76.7    -6.7       73
DAYS >= .50        33              36.6    -3.6       29
DAYS >= 1.00       15              16.6    -1.6       15

SNOWFALL (INCHES)
RECORDS
 TOTAL           11.6   1936
 SNOW DEPTH         8   01/23/1935
                        01/30/1936
                        01/24/1940
TOTALS              T               2.1    -2.1        T
SINCE 7/1           T               0.3    -0.3        T
SNOWDEPTH AVG.      0                MM      MM        0
DAYS >= TRACE       5               2.4     2.6        3
DAYS >= 1.0         0               0.8    -0.8        0
GREATEST
 SNOW DEPTH         0   MM                             0  MM

DEGREE_DAYS
HEATING TOTAL    2267              2955    -688     2464
 SINCE 7/1       1151              1173     -22      885
COOLING TOTAL    2133              2045      88     2546
 SINCE 1/1       2133              2046      87     2546

FREEZE DATES
RECORD
 EARLIEST     10/03/1974
 LATEST       05/04/1976
EARLIEST                        10/28
LATEST                          04/03
.................................................................

WIND (MPH)
AVERAGE WIND SPEED              6.4
RESULTANT WIND SPEED/DIRECTION   1/134
HIGHEST WIND SPEED/DIRECTION    39/130    DATE  03/30
HIGHEST GUST SPEED/DIRECTION    49/140    DATE  03/30

SKY COVER
AVERAGE SKY COVER           0.30

AVERAGE RH (PERCENT)     67

WEATHER CONDITIONS. NUMBER OF DAYS WITH
THUNDERSTORM              0     MIXED PRECIP               0
HEAVY RAIN               40     RAIN                      51
LIGHT RAIN              117     FREEZING RAIN              0
LT FREEZING RAIN          1     HAIL                       0
HEAVY SNOW                0     SNOW                       0
LIGHT SNOW                5     SLEET                      1
FOG                     139     FOG W/VIS <= 1/4 MILE     21
HAZE                     41

-  INDICATES NEGATIVE NUMBERS.
R  INDICATES RECORD WAS SET OR TIED.
MM INDICATES DATA IS MISSING.
T  INDICATES TRACE AMOUNT.

$$
