000
CXUS53 KAPX 010603
CLMTVC


CLIMATE REPORT
NATIONAL WEATHER SERVICE GAYLORD MI
102 AM EST SUN FEB 1 2015

...................................

...THE TRAVERSE CITY MI CLIMATE SUMMARY FOR THE MONTH OF JANUARY 2015...

CLIMATE NORMAL PERIOD 1981 TO 2010
CLIMATE RECORD PERIOD 1896 TO 2015

WEATHER         OBSERVED          NORMAL  DEPART  LAST YEAR`S
                 VALUE   DATE(S)  VALUE   FROM    VALUE  DATE(S)
                                          NORMAL
................................................................
TEMPERATURE (F)
RECORD
 HIGH              59   01/26/1944
 LOW              -21   01/19/1994
                        01/12/1964
HIGHEST            42   01/17        MM      MM       42  01/13
                                                          01/12
LOWEST            -14   01/13        MM      MM       -4  01/06
AVG. MAXIMUM     26.2              27.8    -1.6     22.7
AVG. MINIMUM     10.6              15.2    -4.6     11.1
MEAN             18.4              21.5    -3.1     16.9
DAYS MAX >= 90      0               0.0     0.0        0
DAYS MAX <= 32     23              20.5     2.5       26
DAYS MIN <= 32     31              29.6     1.4       30
DAYS MIN <= 0       3               2.9     0.1        5

PRECIPITATION (INCHES)
RECORD
 MAXIMUM           MM   MM
 MINIMUM           MM   MM
TOTALS           0.68              2.82   -2.14     0.99
DAILY AVG.       0.02              0.09   -0.07     0.03
DAYS >= .01         8              17.1    -9.1       16
DAYS >= .10         2               7.5    -5.5        3
DAYS >= .50         0               1.0    -1.0        0
DAYS >= 1.00        0               0.2    -0.2        0
GREATEST
 24 HR. TOTAL    0.31   01/28 TO 01/29
                        01/29 TO 01/29
                        01/29 TO 01/30
 STORM TOTAL       MM
 (MM/DD(HH))            MM

SNOWFALL (INCHES)
RECORDS
 TOTAL             MM   MM
TOTALS             MM              33.2      MM       MM
SINCE 7/1          MM              69.1      MM       MM
SNOWDEPTH AVG.     MM                 9      MM       MM
DAYS >= TRACE       0              17.0   -17.0        0
DAYS >= 1.0         0               9.8    -9.8        0
GREATEST
 SNOW DEPTH        MM                                 MM  MM
 24 HR TOTAL       MM                                 MM

DEGREE_DAYS
HEATING TOTAL    1436              1348      88
 SINCE 7/1       4186              4156      30

FREEZE DATES
RECORD
 EARLIEST     MM
 LATEST       MM
EARLIEST                        MM
LATEST                          MM
.................................................................

WIND (MPH)
AVERAGE WIND SPEED              7.4
HIGHEST WIND SPEED/DIRECTION    31/320    DATE  01/07
HIGHEST GUST SPEED/DIRECTION    41/310    DATE  01/07

SKY COVER
POSSIBLE SUNSHINE (PERCENT)   MM
AVERAGE SKY COVER           0.80
NUMBER OF DAYS FAIR            2
NUMBER OF DAYS PC              6
NUMBER OF DAYS CLOUDY         23

AVERAGE RH (PERCENT)     74

WEATHER CONDITIONS. NUMBER OF DAYS WITH
THUNDERSTORM              0     MIXED PRECIP               0
HEAVY RAIN                0     RAIN                       0
LIGHT RAIN                2     FREEZING RAIN              0
LT FREEZING RAIN          0     HAIL                       0
HEAVY SNOW                3     SNOW                       6
LIGHT SNOW               21     SLEET                      0
FOG                      17     FOG W/VIS <= 1/4 MILE      2
HAZE                     11

-  INDICATES NEGATIVE NUMBERS.
R  INDICATES RECORD WAS SET OR TIED.
MM INDICATES DATA IS MISSING.
T  INDICATES TRACE AMOUNT.

$$
