000
CXUS54 KMRX 021924 CCA
CLMTYS

CLIMATE REPORT...CORRECTED FOR MEAN TEMPERATURE
NATIONAL WEATHER SERVICE MORRISTOWN TN
324 PM EDT MON OCT 2 2017

...................................

...THE KNOXVILLE    ASOS CLIMATE SUMMARY FOR THE MONTH OF SEPTEMBER 2017...

CLIMATE NORMAL PERIOD 1981 TO 2010
CLIMATE RECORD PERIOD 1871 TO 2017

WEATHER         OBSERVED          NORMAL  DEPART
                 VALUE   DATE(S)  VALUE   FROM
                                          NORMAL
................................................
TEMPERATURE (F)
HIGHEST            89   09/27
                        09/23
LOWEST             50   09/08
                        09/07
AVG. MAXIMUM     80.7              81.8    -1.1
AVG. MINIMUM     59.6              60.4    -0.8
MEAN             70.2              71.1    -0.9
DAYS MAX >= 90      0
DAYS MAX <= 32      0
DAYS MIN <= 32      0
DAYS MIN <= 0       0

PRECIPITATION (INCHES)
RECORD
 MAXIMUM         9.19   1989
 MINIMUM         0.19   2014
TOTALS           2.43              3.24   -0.81
DAYS >= .01         7
DAYS >= .10         4
DAYS >= .50         1
DAYS >= 1.00        1
GREATEST
 24 HR. TOTAL    1.57   09/05 TO 09/05

SNOWFALL (INCHES)
TOTALS            0.0               0.0     0.0
SINCE 7/1         0.0
SNOWDEPTH AVG.      0
DAYS >= TRACE       0
GREATEST
 SNOW DEPTH         0   MM

DEGREE_DAYS
HEATING TOTAL      15                23      -8
 SINCE 7/1         15                23      -8
COOLING TOTAL     175               206     -31
 SINCE 1/1       1463              1487     -24
.................................................



-  INDICATES NEGATIVE NUMBERS.
R  INDICATES RECORD WAS SET OR TIED.
MM INDICATES DATA IS MISSING.
T  INDICATES TRACE AMOUNT.

$$
