000
CXUS56 KSEW 022036
CLMUIL


CLIMATE REPORT
NATIONAL WEATHER SERVICE SEATTLE WA
135 PM PDT SAT APR 2 2016

...................................

...THE QUILLAYUTE WA AIRPORT CLIMATE SUMMARY FOR THE MONTH OF MARCH 2016...

CLIMATE NORMAL PERIOD 1981 TO 2010
CLIMATE RECORD PERIOD 1966 TO 2016

WEATHER         OBSERVED          NORMAL  DEPART  LAST YEAR`S
                 VALUE   DATE(S)  VALUE   FROM    VALUE  DATE(S)
                                          NORMAL
................................................................
TEMPERATURE (F)
RECORD
 HIGH              73   03/30/2013
 LOW               19   03/03/1989
                        03/01/1971
HIGHEST            66   03/31        MM      MM       65  03/13
                        03/30                             03/10
                        03/29
LOWEST             30   03/17        MM      MM       26  03/04
                                                          03/01
AVG. MAXIMUM     55.1              51.4     3.7     55.8
AVG. MINIMUM     40.3              36.8     3.5     39.0
MEAN             47.7              44.1     3.6     47.4
DAYS MAX >= 90      0               0.0     0.0        0
DAYS MAX <= 32      0               0.0     0.0        0
DAYS MIN <= 32      2               6.4    -4.4        8
DAYS MIN <= 0       0               0.0     0.0        0

PRECIPITATION (INCHES)
RECORD
 MAXIMUM        23.23   2007
 MINIMUM         1.84   1992
TOTALS          15.84             10.83    5.01    14.71
DAILY AVG.       0.51              0.35    0.16     0.47
DAYS >= .01        25              21.9     3.1       18
DAYS >= .10        23              17.0     6.0       16
DAYS >= .50         9               8.0     1.0       10
DAYS >= 1.00        5               3.0     2.0        5
GREATEST
 24 HR. TOTAL    2.32   03/09 TO 03/09

DEGREE_DAYS
HEATING TOTAL     528               648    -120      538
 SINCE 7/1       3651              4493    -842     3448
COOLING TOTAL       0                 0       0        0
 SINCE 1/1          0                 0       0        0
.................................................................

WIND (MPH)
AVERAGE WIND SPEED              7.2
HIGHEST WIND SPEED/DIRECTION    33/250    DATE  03/13
HIGHEST GUST SPEED/DIRECTION    53/180    DATE  03/10

SKY COVER
POSSIBLE SUNSHINE (PERCENT)   MM
AVERAGE SKY COVER           0.70
NUMBER OF DAYS FAIR            7
NUMBER OF DAYS PC              5
NUMBER OF DAYS CLOUDY         19

AVERAGE RH (PERCENT)     84

WEATHER CONDITIONS. NUMBER OF DAYS WITH
THUNDERSTORM              0     MIXED PRECIP               0
HEAVY RAIN               17     RAIN                      19
LIGHT RAIN               25     FREEZING RAIN              0
LT FREEZING RAIN          0     HAIL                       0
HEAVY SNOW                0     SNOW                       0
LIGHT SNOW                0     SLEET                      0
FOG                      25     FOG W/VIS <= 1/4 MILE      2
HAZE                      0

-  INDICATES NEGATIVE NUMBERS.
R  INDICATES RECORD WAS SET OR TIED.
MM INDICATES DATA IS MISSING.
T  INDICATES TRACE AMOUNT.

$$
