000
CXUS54 KCRP 011612
CLMVCT

CLIMATE REPORT
NATIONAL WEATHER SERVICE CORPUS CHRISTI TX
1040 AM CDT SAT JUL 1 2017

...................................

...THE VICTORIA CLIMATE SUMMARY FOR THE MONTH OF JUNE 2017...

CLIMATE NORMAL PERIOD 1981 TO 2010
CLIMATE RECORD PERIOD 1893 TO 2017

WEATHER         OBSERVED          NORMAL  DEPART  LAST YEAR`S
                 VALUE   DATE(S)  VALUE   FROM    VALUE  DATE(S)
                                          NORMAL
................................................................
TEMPERATURE (F)
RECORD
 HIGH             109   06/29/2013
 LOW               54   06/03/1919
HIGHEST           102   06/22        91      11       98  06/28
                                                          06/18
LOWEST             68   06/07        73      -5       66  06/03
                                                          06/02
AVG. MAXIMUM     93.3              91.5     1.8     91.8
AVG. MINIMUM     73.7              72.4     1.3     73.0
MEAN             83.5              82.0     1.5     82.4
DAYS MAX >= 90     26              20.6     5.4       22
DAYS MAX <= 32      0               0.0     0.0        0
DAYS MIN <= 32      0               0.0     0.0        0
DAYS MIN <= 0       0               0.0     0.0        0

PRECIPITATION (INCHES)
RECORD
 MAXIMUM        13.50   2004
 MINIMUM         0.00   1917
                        1915
TOTALS           3.51              4.46   -0.95     3.18
DAILY AVG.       0.12              0.15   -0.03     0.11
DAYS >= .01         9               8.9     0.1       11
DAYS >= .10         6               5.6     0.4        5
DAYS >= .50         2               2.7    -0.7        3
DAYS >= 1.00        1               1.6    -0.6        1
GREATEST
 24 HR. TOTAL    1.63   06/26 TO 06/26           06/02 TO 06/03

SNOWFALL (INCHES)
RECORDS
 TOTAL            0.0   MM
 24 HR TOTAL      0.0   MM
TOTALS            0.0               0.0     0.0      0.0
SINCE 7/1         0.0               0.1    -0.1      0.0
SNOWDEPTH AVG.      0                MM      MM        0
DAYS >= 1.0         0               0.0     0.0        0
GREATEST
 SNOW DEPTH         0   MM                             0
 24 HR TOTAL      0.0   MM                           0.0

DEGREE_DAYS
HEATING TOTAL       0                 0       0        0
 SINCE 7/1        567              1249    -682      913
COOLING TOTAL     560               508      52      530
 SINCE 1/1       1572              1167     405     1243
.................................................

WIND (MPH)
AVERAGE WIND SPEED              8.9
HIGHEST WIND SPEED/DIRECTION    30/170    DATE  06/25
HIGHEST GUST SPEED/DIRECTION    39/170    DATE  06/25

SKY COVER
AVERAGE SKY COVER        0.30

AVERAGE RH (PERCENT)     71

WEATHER CONDITIONS. NUMBER OF DAYS WITH
THUNDERSTORM              8     MIXED PRECIP               0
HEAVY RAIN                6     RAIN                       6
LIGHT RAIN               13     FREEZING RAIN              0
LT FREEZING RAIN          0     HAIL                       0
HEAVY SNOW                0     SNOW                       0
LIGHT SNOW                0     SLEET                      0
FOG                      20     FOG W/VIS <= 1/4 MILE      2
HAZE                      4

-  INDICATES NEGATIVE NUMBERS.
R  INDICATES RECORD WAS SET OR TIED.
MM INDICATES DATA IS MISSING.
T  INDICATES TRACE AMOUNT.

$$

KW
