000
CXUS52 KMLB 011700
CLMVRB


CLIMATE REPORT
NATIONAL WEATHER SERVICE MELBOURNE FL
1154 AM EDT MON AUG 1 2016

...................................

...THE VERO BEACH CLIMATE SUMMARY FOR THE MONTH OF JULY 2016...

CLIMATE NORMAL PERIOD 1981 TO 2010
CLIMATE RECORD PERIOD 1942 TO 2016

WEATHER         OBSERVED          NORMAL  DEPART  LAST YEAR`S
                 VALUE   DATE(S)  VALUE   FROM    VALUE  DATE(S)
                                          NORMAL
................................................................
TEMPERATURE (F)
MONTHLY RECORD
 HOTTEST         83.7   2005
 COLDEST         79.1   1974
DAILY RECORD
 HIGH              99   07/01/1998
                        07/15/1981
                        07/16/1972
 LOW               62   07/01/1981
JULY 2016
HIGHEST            96   07/29
LOWEST             71   07/23
AVG. MAXIMUM     91.7              90.0     1.7     92.3
AVG. MINIMUM     75.0              73.4     1.6     73.7
MEAN             83.4              81.7     1.7     83.0
DAYS MAX >= 90     31              14.5    16.5       29
DAYS MAX <= 32      0               0.0     0.0        0
DAYS MIN <= 32      0               0.0     0.0        0
DAYS MIN <= 0       0               0.0     0.0        0

PRECIPITATION (INCHES)
MONTHLY RECORD
 MAXIMUM        13.72   2007
 MINIMUM         0.61   2016
DAILY RECORD
 MAXIMUM         4.21   07/08/2000
JULY 2016
TOTALS           0.61R             5.63   -5.02     5.90
DAYS >= .01         4              13.4    -9.4       16
DAYS >= .10         2               9.0    -7.0       11
DAYS >= .50         0               4.1    -4.1        3
DAYS >= 1.00        0               1.9    -1.9        2
GREATEST
 24 HR. TOTAL    1.36   06/30 TO 07/01

SNOWFALL (INCHES)
TOTALS            0.0               0.0     0.0      0.0
SINCE 7/1         0.0               0.0     0.0      0.0
DAYS >= TRACE       0                                  0

DEGREE_DAYS
HEATING TOTAL       0                 0       0        0
 SINCE 7/1          0                 0       0        0
COOLING TOTAL     576               518      58      567
 SINCE 1/1       2022              1780     242     2232
.................................................................

WIND (MPH)
AVERAGE WIND SPEED              6.9
HIGHEST WIND SPEED/DIRECTION    24/080    DATE  07/18
HIGHEST GUST SPEED/DIRECTION    29/080    DATE  07/18

SKY COVER
POSSIBLE SUNSHINE (PERCENT)   MM
AVERAGE SKY COVER           0.10
NUMBER OF DAYS FAIR           31
NUMBER OF DAYS PC              0
NUMBER OF DAYS CLOUDY          0

AVERAGE RH (PERCENT)     74

WEATHER CONDITIONS. NUMBER OF DAYS WITH
THUNDERSTORM             14     MIXED PRECIP               0
HEAVY RAIN                1     RAIN                       2
LIGHT RAIN                7     LT FREEZING RAIN           0
HAIL                      0     LIGHT SNOW                 0
SLEET                     0     FOG                       10
FOG W/VIS <= 1/4 MILE     0     HAZE                       4

-  INDICATES NEGATIVE NUMBERS.
R  INDICATES RECORD WAS SET OR TIED.
MM INDICATES DATA IS MISSING.
T  INDICATES TRACE AMOUNT.

$$
