000
CXUS56 KPQR 011625
CLMVUO


CLIMATE REPORT
NATIONAL WEATHER SERVICE PORTLAND OREGON
925 AM PDT WED NOV 1 2017

...................................

...THE VANCOUVER WA CLIMATE SUMMARY FOR THE MONTH OF OCTOBER 2017...

CLIMATE NORMAL PERIOD 1981 TO 2010
CLIMATE RECORD PERIOD 1891 TO 2017

WEATHER         OBSERVED          NORMAL  DEPART  LAST YEAR`S
                 VALUE   DATE(S)  VALUE   FROM    VALUE  DATE(S)
                                          NORMAL
................................................................
TEMPERATURE (F)
RECORD
 HIGH              89   10/06/1987
                        10/06/1952
                        10/09/1936
 LOW               21   10/28/1971
HIGHEST            74                MM      MM       69  10/08
LOWEST             32                MM      MM       39  10/12
AVG. MAXIMUM     64.2              63.4     0.8     62.1
AVG. MINIMUM     42.6              44.1    -1.5     50.0
MEAN             53.4              53.8    -0.4     56.0
DAYS MAX >= 90      0               0.0     0.0        0
DAYS MAX <= 32      0               0.0     0.0        0
DAYS MIN <= 32      1               0.4     0.6        0
DAYS MIN <= 0       0               0.0     0.0        0

PRECIPITATION (INCHES)
TOTALS           4.55                               8.22
DAYS >= .01        13                                 29
DAYS >= .10         7                                 20
DAYS >= .50         3                                  4
DAYS >= 1.00        1                                  1
GREATEST
 24 HR. TOTAL    1.91   10/21 TO 10/21

DEGREE_DAYS
HEATING TOTAL     353                                270
 SINCE 7/1        435                                397
COOLING TOTAL       0                                  0
 SINCE 1/1        639                                407
.................................................................

WIND (MPH)
AVERAGE WIND SPEED              3.3
RESULTANT WIND SPEED/DIRECTION   0/202
HIGHEST WIND SPEED/DIRECTION    24/110    DATE  10/30
HIGHEST GUST SPEED/DIRECTION    35/110    DATE  10/30

SKY COVER
POSSIBLE SUNSHINE (PERCENT)   MM
AVERAGE SKY COVER           0.40

AVERAGE RH (PERCENT)     76

WEATHER CONDITIONS. NUMBER OF DAYS WITH
THUNDERSTORM              0     MIXED PRECIP               0
HEAVY RAIN                2     RAIN                       4
LIGHT RAIN               13     FREEZING RAIN              0
LT FREEZING RAIN          0     HAIL                       0
HEAVY SNOW                0     SNOW                       0
LIGHT SNOW                0     SLEET                      0
FOG                      20     FOG W/VIS <= 1/4 MILE      6
HAZE                      2

-  INDICATES NEGATIVE NUMBERS.
R  INDICATES RECORD WAS SET OR TIED.
MM INDICATES DATA IS MISSING.
T  INDICATES TRACE AMOUNT.

$$
