596
CXUS56 KPDT 011511 RRA
CLMYKM

CLIMATE REPORT
NATIONAL WEATHER SERVICE PENDLETON OREGON
708 AM PST WED MAR 01 2017

....................................

...THE YAKIMA WA CLIMATE SUMMARY FOR THE MONTH OF FEBRUARY 2017...

CLIMATE NORMAL PERIOD 1981 TO 2010
CLIMATE RECORD PERIOD 1909 TO 2017

WEATHER         OBSERVED          NORMAL  DEPART  LAST YEAR`S
                 VALUE   DATE(S)  VALUE   FROM    VALUE  DATE(S)
                                          NORMAL

................................................................

TEMPERATURE (F)
RECORD
 HIGH              69   2/23/1947
 LOW              -25   2/ 1/1950
HIGHEST            49   2/17       59       -10            67   2/15
LOWEST              5   2/ 1       11        -6            21   2/ 1
AVG. MAXIMUM     40.8            46.3      -5.5          53.8
AVG. MINUMUM     23.0            25.9      -2.9          31.7
MEAN             31.9            36.1      -4.2          42.7
DAYS MAX >= 90      0               0         0             0
DAYS MAX <= 32      5               2         3             0
DAYS MIN <= 32     22              23        -1            18
DAYS MIN <= 0       0               0         0            18


PRECIPITATION (INCHES)
RECORD
 MAXIMUM          2.46   1961
 MINIMUM             T   1988
TOTALS            2.40            0.78      1.62          0.41
DAILY AVG.        0.09            0.03      0.06          0.01
DAYS >=  0.01       11               8         3             7
DAYS >=  0.10        9               3         6             2
DAYS >=  0.50        0               0         0             0
DAYS >=  1.00        0               0         0             0
GREATEST
 24 HR. TOTAL     0.45   2/15



SNOWFALL (INCHES)
RECORD
 MAXIMUM          17.7   2014
 MINIMUM           0.0   2013
TOTALS            10.0             2.6       7.4           0.8
SINCE 7/1         32.1            21.4      10.7          31.4
DAYS >=  TRACE       7               2         4             1
DAYS >=  1.0         3               1         2             0
GREATEST
 24 HR. TOTAL      4.4   2/ 8


DEGREE DAYS
HEATING TOTAL      920             809       111           638
 SINCE 7/1        4429            4553      -124          3750
COOLING TOTAL        0               0         0             0
 SINCE 1/1           0               0         0             0

.............................................................

WIND (MPH)
AVERAGE WIND SPEED                     4.8
RESULTANT WIND SPEED/DIRECTION         3/245
HIGHEST WIND SPEED/DIRECTION          26/200      DATE          02/10
HIGHEST GUST SPEED/DIRECTION          35/210      DATE          02/10


WEATHER CONDITIONS. NUMBER OF DAYS WITH
THUNDERSTORM               0    MIXED PRECIP                           0
HEAVY RAIN                 0    RAIN                                   3
LIGHT RAIN                 9    FREEZING RAIN                          0
LT FREEZING RAIN           2    HAIL                                   0
HEAVY SNOW                 1    SNOW                                   3
LIGHT SNOW                 8    SLEET                                  0
FOG                       17    FOG W/VIS <=1/4 MILE                   7
HAZE                       9

-  INDICATES NEGATIVE NUMBERS.
R  INDICATES RECORD WAS SET OR TIED.
MM INDICATES DATA IS MISSING.
T  INDICATES TRACE AMOUNT.

$$
