000
CXUS56 KPDT 011741
CLMYKM

CLIMATE REPORT
NATIONAL WEATHER SERVICE PENDLETON OREGON
931 AM PST THU DEC 01 2016

....................................

...THE YAKIMA WA CLIMATE SUMMARY FOR THE MONTH OF NOVEMBER 2016...

CLIMATE NORMAL PERIOD 1981 TO 2010
CLIMATE RECORD PERIOD 1909 TO 2016

WEATHER         OBSERVED          NORMAL  DEPART  LAST YEAR`S
                 VALUE   DATE(S)  VALUE   FROM    VALUE  DATE(S)
                                          NORMAL

................................................................

TEMPERATURE (F)
RECORD
 HIGH              73  11/10/1989
 LOW              -13  11/23/1985
HIGHEST            68  11/12       64         4            70  11/17
LOWEST             24  11/29       13        11             9  11/28
AVG. MAXIMUM     56.8            47.9       8.9          50.2
AVG. MINUMUM     35.3            26.8       8.5          27.5
MEAN             46.0            37.4       8.6          38.9
DAYS MAX >= 90      0               0         0             0
DAYS MAX <= 32      0               2        -2             3
DAYS MIN <= 32     10              23       -13            22
DAYS MIN <= 0       0               0         0            22


PRECIPITATION (INCHES)
RECORD
 MAXIMUM          2.83   1973
 MINIMUM             T   1990
TOTALS            0.62            1.05     -0.43          0.64
DAILY AVG.        0.02            0.04     -0.02          0.02
DAYS >=  0.01       10               9         1             8
DAYS >=  0.10        2               3        -1             3
DAYS >=  0.50        0               0         0             0
DAYS >=  1.00        0               0         0             0
GREATEST
 24 HR. TOTAL     0.24  11/14



SNOWFALL (INCHES)
RECORD
 MAXIMUM          21.2   1955
 MINIMUM           0.0   2013
TOTALS               T             3.6      -3.6           3.0
SINCE 7/1          0.0             3.7      -3.7           3.0
DAYS >=  TRACE       1               2         0             5
DAYS >=  1.0         0               1         0             1
GREATEST
 24 HR. TOTAL        T  11/27


DEGREE DAYS
HEATING TOTAL      561             830      -269           775
 SINCE 7/1        1019            1533      -514          1114
COOLING TOTAL        0               0         0             0
 SINCE 1/1         774             463       311          1094

.............................................................

WIND (MPH)
AVERAGE WIND SPEED                     4.3
RESULTANT WIND SPEED/DIRECTION         3/258
HIGHEST WIND SPEED/DIRECTION          26/200      DATE          11/12
HIGHEST GUST SPEED/DIRECTION          33/190      DATE          11/12


WEATHER CONDITIONS. NUMBER OF DAYS WITH
THUNDERSTORM               0    MIXED PRECIP                           0
HEAVY RAIN                 1    RAIN                                   3
LIGHT RAIN                15    FREEZING RAIN                          0
LT FREEZING RAIN           0    HAIL                                   0
HEAVY SNOW                 0    SNOW                                   0
LIGHT SNOW                 1    SLEET                                  0
FOG                       16    FOG W/VIS <=1/4 MILE                   5
HAZE                      16

-  INDICATES NEGATIVE NUMBERS.
R  INDICATES RECORD WAS SET OR TIED.
MM INDICATES DATA IS MISSING.
T  INDICATES TRACE AMOUNT.

$$
