000
CXUS55 KPUB 020122
CLSALS

CLIMATE REPORT
NATIONAL WEATHER SERVICE PUEBLO
622 PM MST TUE DEC 1 2015

...................................

...THE ALAMOSA CO CLIMATE SUMMARY FOR THE SEASON, FROM
9/1/2015 TO 11/30/2015...

CLIMATE NORMAL PERIOD 1981 TO 2010
CLIMATE RECORD PERIOD 1932 TO 2015

WEATHER         OBSERVED          NORMAL  DEPART  LAST YEAR`S
                 VALUE   DATE(S)  VALUE   FROM    VALUE  DATE(S)
                                          NORMAL
................................................................
TEMPERATURE (F)
RECORD
 HIGH              87   09/04/2013
                        09/13/1990
                        09/08/1977
 LOW              -30   11/27/1952
HIGHEST            83   09/13                         86  09/03
                        09/10
LOWEST              3   11/22                         -1  11/18
                                                          11/17
AVG. MAXIMUM     64.1              60.6     3.5     64.7
AVG. MINIMUM     28.2              24.5     3.7     26.9
MEAN             46.2              42.5     3.7     45.8
DAYS MAX >= 90      0               0.0     0.0
DAYS MAX <= 32      0               3.0    -3.0
DAYS MIN <= 32     50              63.0   -13.0
DAYS MIN <= 0       0               3.3    -3.3

PRECIPITATION (INCHES)
RECORD
 MAXIMUM         4.16   1972
                        1938
 MINIMUM         0.23   1955
TOTALS           2.20              2.01    0.19     1.45
DAILY AVG.       0.02              0.02    0.00
DAYS >= .01        17              15.4     1.6
DAYS >= .10         9               6.3     2.7
DAYS >= .50         0               0.7    -0.7
DAYS >= 1.00        0               0.0     0.0
GREATEST
 24 HR. TOTAL    0.57   10/21 TO 10/22

SNOWFALL (INCHES)
RECORDS
 TOTAL           34.1   1972
TOTALS            4.3               5.8    -1.5      1.6
SINCE 7/1         4.3               5.8    -1.5      1.6
SNOWDEPTH AVG.      0
DAYS >= 1.0         1               1.8    -0.8
GREATEST
 SNOW DEPTH         4   11/17                          1
 24 HR TOTAL      3.5   11/16 TO 11/17               1.0

DEGREE_DAYS
HEATING TOTAL    1686              2046    -360     1722
 SINCE 7/1       1778              2175    -397     1843
COOLING TOTAL       0                 0       0        0
 SINCE 1/1         74                51      23       60
.................................................................

WIND (MPH)
AVERAGE WIND SPEED              6.7
HIGHEST WIND SPEED/DIRECTION    38/210    DATE  11/10
HIGHEST GUST SPEED/DIRECTION    49/210    DATE  11/10

SKY COVER
POSSIBLE SUNSHINE (PERCENT)   MM
AVERAGE SKY COVER           0.20
NUMBER OF DAYS FAIR           70
NUMBER OF DAYS PC             19
NUMBER OF DAYS CLOUDY          2

AVERAGE RH (PERCENT)     55

WEATHER CONDITIONS. NUMBER OF DAYS WITH
THUNDERSTORM             10     MIXED PRECIP               0
HEAVY RAIN                4     RAIN                       6
LIGHT RAIN               25     FREEZING RAIN              0
LT FREEZING RAIN          0     HAIL                       0
HEAVY SNOW                0     SNOW                       2
LIGHT SNOW                6     SLEET                      0
FOG                      14     FOG W/VIS <= 1/4 MILE      2
HAZE                      1

-  INDICATES NEGATIVE NUMBERS.
R  INDICATES RECORD WAS SET OR TIED.
MM INDICATES DATA IS MISSING.
T  INDICATES TRACE AMOUNT.

$$
