000
CXUS53 KGRB 040008
CLSAUW

CLIMATE REPORT
NATIONAL WEATHER SERVICE GREEN BAY
701 PM CDT SUN SEP 3 2017

...THE WAUSAU WI CLIMATE SUMMARY FOR THE SUMMER, FROM
6/1/2017 TO 8/31/2017...

CLIMATE NORMAL PERIOD 1981 TO 2010
CLIMATE RECORD PERIOD 1896 TO 2017

WEATHER         OBSERVED          NORMAL  DEPART  LAST YEAR`S
                 VALUE   DATE(S)  VALUE   FROM    VALUE  DATE(S)
                                          NORMAL
................................................................
TEMPERATURE (F)
RECORD
 HIGH             107   07/13/1936
 LOW               29   06/01/1897
HIGHEST            88   06/10        94      -6       92  06/11
LOWEST             40   06/01        40       0       42  06/08
AVG. MAXIMUM     76.8              77.9    -1.1     79.3
AVG. MINIMUM     56.1              56.5    -0.4     58.6
MEAN             66.5              67.2    -0.7     68.9
DAYS MAX >= 90      0               3.9    -3.9        3
DAYS MAX <= 32      0               0.0     0.0        0
DAYS MIN <= 32      0               0.0     0.0        0
DAYS MIN <= 0       0               0.0     0.0        0

PRECIPITATION (INCHES)
RECORD
 MAXIMUM        20.60   1995
 MINIMUM         5.58   1976
TOTALS          13.53             12.30    1.23    13.69
DAILY AVG.       0.15              0.13    0.02     0.15
DAYS >= .01        35              34.5     0.5       40
DAYS >= .10        27              21.8     5.2       29
DAYS >= .50        10               8.0     2.0        9
DAYS >= 1.00        3               3.1    -0.1        2

SNOWFALL (INCHES)
RECORDS
 TOTAL            0.0   MM
 24 HR TOTAL       MM
TOTALS            0.0               0.0     0.0      0.0
SINCE 7/1         0.0               0.0     0.0      0.0
DAYS >= TRACE       0               0.0     0.0        0
DAYS >= 1.0         0               0.0     0.0        0
GREATEST
 SNOW DEPTH         0   MM                             0  MM
 24 HR TOTAL      0.0   MM

DEGREE_DAYS
HEATING TOTAL     112               154     -42       52
 SINCE 7/1         58                66      -8       22
COOLING TOTAL     271               356     -85      440
 SINCE 1/1        272               375    -103      487

FREEZE DATES
RECORD
 EARLIEST     08/30/1915
 LATEST       06/12/1903
EARLIEST                        10/02
LATEST                          05/05
.................................................................

WIND (MPH)
AVERAGE WIND SPEED              6.8
RESULTANT WIND SPEED/DIRECTION   2/274
HIGHEST WIND SPEED/DIRECTION    30/310    DATE  06/03
HIGHEST GUST SPEED/DIRECTION    46/320    DATE  06/03

SKY COVER
POSSIBLE SUNSHINE (PERCENT)   MM
AVERAGE SKY COVER           0.40
NUMBER OF DAYS FAIR           50
NUMBER OF DAYS PC             34
NUMBER OF DAYS CLOUDY          8

AVERAGE RH (PERCENT)     74

WEATHER CONDITIONS. NUMBER OF DAYS WITH
THUNDERSTORM             27     MIXED PRECIP               0
HEAVY RAIN               23     RAIN                      21
LIGHT RAIN               41     FREEZING RAIN              0
LT FREEZING RAIN          0     HAIL                       0
HEAVY SNOW                0     SNOW                       0
LIGHT SNOW                0     SLEET                      0
FOG                      49     FOG W/VIS <= 1/4 MILE      2
HAZE                      3

-  INDICATES NEGATIVE NUMBERS.
R  INDICATES RECORD WAS SET OR TIED.
MM INDICATES DATA IS MISSING.
T  INDICATES TRACE AMOUNT.
...................................
$$
SAC
