641
CXUS51 KBGM 031604 CCA
CLSAVP

CLIMATE REPORT...CORRECTED
NATIONAL WEATHER SERVICE BINGHAMTON NY
1105 AM EST THU DEC 3 2015

...................................

...THE AVOCA PA CLIMATE SUMMARY FOR THE SEASON, FROM
9/1/2015 TO 11/30/2015...

CLIMATE NORMAL PERIOD 1981 TO 2010
CLIMATE RECORD PERIOD 1901 TO 2015

WEATHER         OBSERVED          NORMAL  DEPART  LAST YEAR`S
                 VALUE   DATE(S)  VALUE   FROM    VALUE  DATE(S)
                                          NORMAL
................................................................
TEMPERATURE (F)
RECORD
 HIGH              95   09/08/2015
                        09/11/2013
                        09/10/1983
 LOW                9   11/24/2000
                        11/30/1995
                        11/30/1976
HIGHEST            95R  09/08        61      34       89  09/02
LOWEST             21   11/24        43     -22       12  11/29
AVG. MAXIMUM     66.9              60.8     6.1     62.3
AVG. MINIMUM     46.1              42.2     3.9     43.4
MEAN             56.5              51.5     5.0     52.8
DAYS MAX >= 90      4               0.5     3.5        0
DAYS MAX <= 32      0               1.0    -1.0        2
DAYS MIN <= 32     13              18.4    -5.4       19
DAYS MIN <= 0       0               0.0     0.0        0

PRECIPITATION (INCHES)
RECORD
 MAXIMUM        18.19   2011
 MINIMUM         3.81   1964
TOTALS           7.48             10.55   -3.07     6.71
DAILY AVG.       0.08              0.12   -0.04     0.07
DAYS >= .01        24              32.1    -8.1       27
DAYS >= .10        12              17.5    -5.5       13
DAYS >= .50         4               6.3    -2.3        4
DAYS >= 1.00        2               2.9    -0.9        1
GREATEST
 24 HR. TOTAL    2.27   10/28 TO 10/29           11/30 TO 11/30

SNOWFALL (INCHES)
RECORDS
 TOTAL           22.5   1971
 24 HR TOTAL     18.5   11/25/1971 TO 11/25/1971
TOTALS              T               3.0    -3.0      8.9
SINCE 7/1           T               3.0    -3.0      8.9
DAYS >= TRACE       2               2.2    -0.2        8
DAYS >= 1.0         0               0.9    -0.9        2
GREATEST
 24 HR TOTAL        T   11/23 TO 11/23           11/30 TO 11/30
                        10/18 TO 10/18
DEGREE_DAYS
HEATING TOTAL     908              1287    -379     1179
 SINCE 7/1        908              1313    -405     1190
COOLING TOTAL     153                56      97      100
 SINCE 1/1        929               580     349      692

FREEZE DATES
RECORD
 EARLIEST     09/21/1956
 LATEST       05/25/1956
EARLIEST                        10/15
LATEST                          04/26
.................................................

WIND (MPH)
AVERAGE WIND SPEED              6.0
RESULTANT WIND SPEED/DIRECTION   0/273
HIGHEST WIND SPEED/DIRECTION    32/360    DATE  09/03
HIGHEST GUST SPEED/DIRECTION    41/360    DATE  09/03

SKY COVER
POSSIBLE SUNSHINE (PERCENT)   MM
AVERAGE SKY COVER           0.40
NUMBER OF DAYS FAIR           50
NUMBER OF DAYS PC             21
NUMBER OF DAYS CLOUDY         20

AVERAGE RH (PERCENT)     65

WEATHER CONDITIONS. NUMBER OF DAYS WITH
THUNDERSTORM              2     MIXED PRECIP               0
HEAVY RAIN                7     RAIN                      11
LIGHT RAIN               30     FREEZING RAIN              0
LT FREEZING RAIN          0     HAIL                       0
HEAVY SNOW                0     SNOW                       0
LIGHT SNOW                1     SLEET                      0
FOG                      27     FOG W/VIS <= 1/4 MILE      0
HAZE                     12

-  INDICATES NEGATIVE NUMBERS.
R  INDICATES RECORD WAS SET OR TIED.
MM INDICATES DATA IS MISSING.
T  INDICATES TRACE AMOUNT.

&&
CORRECTED TEMPERATURE RANKING BELOW
2ND WARMEST  RECORD WARMEST 1931 57.9

$$
