000
CXUS53 KGRR 012146
CLSAZO

WRKCLMAZO 000
TTAA00 KGRR 012144


CLIMATE REPORT
NATIONAL WEATHER SERVICE GRAND RAPIDS, MI
431 PM EST THU DEC 1 2016

...................................

...THE KALAMAZOO MI CLIMATE SUMMARY FOR THE SEASON, FROM
9/1/2016 TO 11/30/2016...

CLIMATE NORMAL PERIOD 1981 TO 2010
CLIMATE RECORD PERIOD 1998 TO 2016

WEATHER         OBSERVED          NORMAL  DEPART  LAST YEAR`S
                 VALUE   DATE(S)  VALUE   FROM    VALUE  DATE(S)
                                          NORMAL
................................................................
TEMPERATURE (F)
HIGHEST            91   09/07        MM      MM       92  09/07
LOWEST             21   11/22        MM      MM       20  11/29
                                                          11/22
AVG. MAXIMUM     65.5              60.3     5.2     64.9
AVG. MINIMUM     46.9              42.3     4.6     44.9
MEAN             56.3              51.3     5.0     54.9
DAYS MAX >= 90      1               0.2     0.8        1
DAYS MAX <= 32      0               1.7    -1.7        1
DAYS MIN <= 32      7              18.3   -11.3       16
DAYS MIN <= 0       0               0.0     0.0        0

PRECIPITATION (INCHES)
TOTALS             MM             10.17      MM     8.39
DAILY AVG.         MM              0.11      MM     0.09
DAYS >= .01        31                MM      MM       34
DAYS >= .10        19                MM      MM       16
DAYS >= .50         7                MM      MM        5
DAYS >= 1.00        1                MM      MM        2
GREATEST
 24 HR. TOTAL    1.18   09/28 TO 09/29
 STORM TOTAL       MM                               2.30
 (MM/DD(HH))            MM

DEGREE_DAYS
HEATING TOTAL     899              1311    -412     1037
 SINCE 7/1        900              1327    -427     1065
COOLING TOTAL     118                64      54      142
 SINCE 1/1        912               675     237    10576

FREEZE DATES
EARLIEST                        MM
LATEST                          MM
.................................................................

WIND (MPH)
AVERAGE WIND SPEED              6.8
RESULTANT WIND SPEED/DIRECTION   2/223
HIGHEST WIND SPEED/DIRECTION    29/190    DATE  11/18
HIGHEST GUST SPEED/DIRECTION    39/290    DATE  09/27

SKY COVER
POSSIBLE SUNSHINE (PERCENT)   MM
AVERAGE SKY COVER           0.40
NUMBER OF DAYS FAIR           41
NUMBER OF DAYS PC             22
NUMBER OF DAYS CLOUDY         24

AVERAGE RH (PERCENT)     71

WEATHER CONDITIONS. NUMBER OF DAYS WITH
THUNDERSTORM              8     MIXED PRECIP               0
HEAVY RAIN               11     RAIN                      22
LIGHT RAIN               37     FREEZING RAIN              0
LT FREEZING RAIN          0     HAIL                       0
HEAVY SNOW                1     SNOW                       1
LIGHT SNOW                2     SLEET                      0
FOG                      60     FOG W/VIS <= 1/4 MILE     16
HAZE                     32

-  INDICATES NEGATIVE NUMBERS.
R  INDICATES RECORD WAS SET OR TIED.
MM INDICATES DATA IS MISSING.
T  INDICATES TRACE AMOUNT.

$$
