000
CXUS53 KPAH 050405
CLSCGI

CLIMATE REPORT
NATIONAL WEATHER SERVICE PADUCAH KY
954 PM CST SUN DEC 4 2016

...................................

...THE CAPE GIRARDEAU MO CLIMATE SUMMARY FOR THE FALL SEASON, FROM
9/1/2016 TO 11/30/2016...

CLIMATE NORMAL PERIOD 1981 TO 2010
CLIMATE RECORD PERIOD 1960 TO 2016

WEATHER         OBSERVED          NORMAL  DEPART
                 VALUE   DATE(S)  VALUE   FROM
                                          NORMAL
................................................
TEMPERATURE (F)
RECORD
 HIGH             100   09/06/1960
 LOW                8   11/18/2014
                        11/29/1976
                        11/29/1976
HIGHEST            92   09/24        MM      MM
LOWEST             22   11/21        MM      MM
                        11/20
AVG. MAXIMUM     74.7              69.7     5.0
AVG. MINIMUM     49.8              45.9     3.9
MEAN             62.3              57.8     4.5
DAYS MAX >= 90      8               3.7     4.3
DAYS MAX <= 32      0               0.1    -0.1
DAYS MIN <= 32      9              14.5    -5.5
DAYS MIN <= 0       0               0.0     0.0

PRECIPITATION (INCHES)
RECORD
 MAXIMUM        22.13   1984
 MINIMUM         3.54   1999
TOTALS           9.45             11.51   -2.06
DAILY AVG.       0.11              0.13   -0.02
DAYS >= .01        18              26.2    -8.2
DAYS >= .10        15              17.5    -2.5
DAYS >= .50         6               7.9    -1.9
DAYS >= 1.00        4               3.6     0.4
GREATEST
 24 HR. TOTAL    2.42   MM
 STORM TOTAL       MM
 (MM/DD(HH))            MM

SNOWFALL (INCHES)
RECORDS
 TOTAL              MM


 24 HR TOTAL       MM
TOTALS             MM                MM      MM
 LIQUID EQUIV    0.00              0.00    0.00
SINCE 7/1          MM                MM      MM
 LIQUID 7/1      0.00
DAYS >= TRACE       0                MM      MM
DAYS >= 1.0         0                MM      MM
GREATEST
 SNOW DEPTH         0   MM
 24 HR TOTAL      0.0   MM
 STORM TOTAL       MM
 (MM/DD(HH))            MM

DEGREE_DAYS
HEATING TOTAL     577               850    -273
 SINCE 7/1        577               851    -274
COOLING TOTAL     355               193     162
 SINCE 1/1       1798              1453     345

FREEZE DATES
RECORD
 EARLIEST     MM
 LATEST       MM
EARLIEST                        MM
LATEST                          MM
.................................................

WIND (MPH)
AVERAGE WIND SPEED              5.9
HIGHEST WIND SPEED/DIRECTION    33/020    DATE  09/15
HIGHEST GUST SPEED/DIRECTION    41/020    DATE  09/15

SKY COVER
POSSIBLE SUNSHINE (PERCENT)   MM
AVERAGE SKY COVER           0.30
NUMBER OF DAYS FAIR           64
NUMBER OF DAYS PC             18
NUMBER OF DAYS CLOUDY          9

AVERAGE RH (PERCENT)     71

WEATHER CONDITIONS. NUMBER OF DAYS WITH
THUNDERSTORM              0     MIXED PRECIP               0
HEAVY RAIN                7     RAIN                       8
LIGHT RAIN               23     FREEZING RAIN              0
LT FREEZING RAIN          0     HAIL                       0
HEAVY SNOW                0     SNOW                       0
LIGHT SNOW                0     SLEET                      0
FOG                      62     FOG W/VIS <= 1/4 MILE     27
HAZE                     13

-  INDICATES NEGATIVE NUMBERS.
R  INDICATES RECORD WAS SET OR TIED.
MM INDICATES DATA IS MISSING.
T  INDICATES TRACE AMOUNT.

$$
