000
CXUS53 KPAH 011303
CLSCGI

STLCLMCAS 000
TTAA00 KPAH 011257

CLIMATE REPORT
NATIONAL WEATHER SERVICE PADUCAH KY
756 AM CDT THU JUN 1 2017

...................................

...THE CAPE GIRARDEAU MO CLIMATE SUMMARY FOR THE SPRING SEASON,
FROM MARCH 1ST, 2017 TO MAY 31ST, 2017...

CLIMATE NORMAL PERIOD 1981 TO 2010
CLIMATE RECORD PERIOD 1960 TO 2017

WEATHER         OBSERVED          NORMAL  DEPART
                 VALUE   DATE(S)  VALUE   FROM
                                          NORMAL
................................................
TEMPERATURE (F)
RECORD
 HIGH              97   05/24/1996
 LOW               -8   03/06/2015
HIGHEST            87   05/31        MM      MM
                        05/27
LOWEST             17   03/15        MM      MM
AVG. MAXIMUM     69.9              68.2     1.7
AVG. MINIMUM     48.5              45.7     2.8
MEAN             59.2              57.0     2.2
DAYS MAX >= 90      0               1.1    -1.1
DAYS MAX <= 32      0               0.4    -0.4
DAYS MIN <= 32     10              14.6    -4.6
DAYS MIN <= 0       0               0.0     0.0

PRECIPITATION (INCHES)
RECORD
 MAXIMUM        34.79   1973
 MINIMUM         5.24   2012
TOTALS          16.20             14.22    1.98
DAILY AVG.       0.18              0.15    0.03
DAYS >= .01        38              33.9     4.1
DAYS >= .10        24              22.3     1.7
DAYS >= .50        10               9.1     0.9
DAYS >= 1.00        4               3.7     0.3
GREATEST
 24 HR. TOTAL    2.40   MM
 STORM TOTAL       MM
 (MM/DD(HH))            MM

SNOWFALL (INCHES)
RECORDS
 TOTAL              T   2011
 24 HR TOTAL        T   MM
TOTALS            0.0               1.2    -1.2
 LIQUID EQUIV    0.00              0.10   -0.10
SINCE 7/1         0.0              11.4   -11.4
 LIQUID 7/1      0.00
DAYS >= TRACE       0               1.2    -1.2
DAYS >= 1.0         0               0.3    -0.3
GREATEST
 SNOW DEPTH         0   MM
 24 HR TOTAL      0.0   MM
 STORM TOTAL       MM
 (MM/DD(HH))            MM

DEGREE_DAYS
HEATING TOTAL     695               889    -194
 SINCE 7/1       3430              4386    -956
COOLING TOTAL     175               152      23
 SINCE 1/1        175               152      23

FREEZE DATES
RECORD
 EARLIEST     MM
 LATEST       MM
EARLIEST                        MM
LATEST                          MM
.................................................

WIND (MPH)
AVERAGE WIND SPEED              9.3
HIGHEST WIND SPEED/DIRECTION    48/280    DATE  03/01
HIGHEST GUST SPEED/DIRECTION    60/280    DATE  03/01

SKY COVER
POSSIBLE SUNSHINE (PERCENT)   MM
AVERAGE SKY COVER           0.40
NUMBER OF DAYS FAIR           47
NUMBER OF DAYS PC             30
NUMBER OF DAYS CLOUDY         15

AVERAGE RH (PERCENT)     67

WEATHER CONDITIONS. NUMBER OF DAYS WITH
THUNDERSTORM              0     MIXED PRECIP               0
HEAVY RAIN               18     RAIN                      24
LIGHT RAIN               38     FREEZING RAIN              0
LT FREEZING RAIN          0     HAIL                       0
HEAVY SNOW                0     SNOW                       0
LIGHT SNOW                3     SLEET                      0
FOG                      39     FOG W/VIS <= 1/4 MILE      7
HAZE                      9

-  INDICATES NEGATIVE NUMBERS.
R  INDICATES RECORD WAS SET OR TIED.
MM INDICATES DATA IS MISSING.
T  INDICATES TRACE AMOUNT.

&& RENARKS: WITH A MEAN TEMPERATURE OF 59.2 DEGREES, SPRING 2017 IS
THE 9TH WARMEST ON RECORD. THE RECORD MEAN TEMPERATURE IS 63.9
DEGREES SET IN 2012.

$$
