000
CXUS55 KPUB 021639
CLSCOS

CLIMATE REPORT
NATIONAL WEATHER SERVICE PUEBLO
924 AM MST FRI DEC 2 2016

...................................

...THE COLORADO SPRINGS CO CLIMATE SUMMARY FOR THE SEASON, FROM
9/1/2016 TO 11/30/2016...

CLIMATE NORMAL PERIOD 1981 TO 2010
CLIMATE RECORD PERIOD 1872 TO 2016

WEATHER         OBSERVED          NORMAL  DEPART  LAST YEAR`S
                 VALUE   DATE(S)  VALUE   FROM    VALUE  DATE(S)
                                          NORMAL
................................................................
TEMPERATURE (F)
RECORD
 HIGH              95   09/17/1936
 LOW              -12   11/14/1916
                        11/13/1916
HIGHEST            90   09/20                         89  09/14
                                                          09/13
LOWEST             10   11/30                          5  11/27
AVG. MAXIMUM     71.0              62.8     8.2     67.6
AVG. MINIMUM     41.0              36.1     4.9     40.2
MEAN             56.0              49.5     6.5     53.9
DAYS MAX >= 90      1               0.5     0.5
DAYS MAX <= 32      0               3.0    -3.0
DAYS MIN <= 32     18              33.3   -15.3
DAYS MIN <= 0       0               0.2    -0.2

PRECIPITATION (INCHES)
RECORD
 MAXIMUM         7.50   1909
 MINIMUM         0.54   1948
                        1924
                        1919
TOTALS           0.23R             2.41   -2.18     2.18
DAILY AVG.          T              0.03   -0.03
DAYS >= .01         5              16.9   -11.9
DAYS >= .10         1               6.9    -5.9
DAYS >= .50         0               1.2    -1.2
DAYS >= 1.00        0               0.2    -0.2
GREATEST
 24 HR. TOTAL    0.11   09/30 TO 09/30

SNOWFALL (INCHES)
RECORDS
 TOTAL           37.7   1959
TOTALS              T               7.8    -7.8      5.8
SINCE 7/1           T               7.8    -7.8      5.8
SNOWDEPTH AVG.      0
DAYS >= 1.0         0               2.3    -2.3
GREATEST
 SNOW DEPTH         0                                  3
 24 HR TOTAL        T   11/17 TO 11/17               3.1

DEGREE_DAYS
HEATING TOTAL     882              1451    -569     1084
 SINCE 7/1        903              1481    -578     1103
COOLING TOTAL      84                37      47      102
 SINCE 1/1        710               455     255      617
.................................................................

WIND (MPH)
AVERAGE WIND SPEED              9.1
HIGHEST WIND SPEED/DIRECTION    40/180    DATE  09/23
HIGHEST GUST SPEED/DIRECTION    55/220    DATE  10/17

SKY COVER
POSSIBLE SUNSHINE (PERCENT)   MM
AVERAGE SKY COVER           0.40
NUMBER OF DAYS FAIR           34
NUMBER OF DAYS PC             49
NUMBER OF DAYS CLOUDY          8

AVERAGE RH (PERCENT)     41

WEATHER CONDITIONS. NUMBER OF DAYS WITH
THUNDERSTORM              2     MIXED PRECIP               1
HEAVY RAIN                0     RAIN                       3
LIGHT RAIN               20     FREEZING RAIN              0
LT FREEZING RAIN          0     HAIL                       0
HEAVY SNOW                0     SNOW                       0
LIGHT SNOW                1     SLEET                      0
FOG                       6     FOG W/VIS <= 1/4 MILE      2
HAZE                      6

-  INDICATES NEGATIVE NUMBERS.
R  INDICATES RECORD WAS SET OR TIED.
MM INDICATES DATA IS MISSING.
T  INDICATES TRACE AMOUNT.

$$
