000
CXUS51 KRNK 011022
CLSDAN


CLIMATE REPORT
NATIONAL WEATHER SERVICE BLACKSBURG VA
618 AM EDT THU JUN 1 2017

...................................

...THE DANVILLE VA CLIMATE SUMMARY FOR THE SEASON, FROM
3/1/2017 TO 5/31/2017...

CLIMATE NORMAL PERIOD 1981 TO 2010
CLIMATE RECORD PERIOD 1948 TO 2017

WEATHER         OBSERVED          NORMAL  DEPART  LAST YEAR`S
                 VALUE   DATE(S)  VALUE   FROM    VALUE
                                          NORMAL
.............................................................
TEMPERATURE (F)
RECORD
 HIGH              98   05/27/1965
 LOW                8   03/06/1960
HIGHEST            88   05/20                         88
                        05/17
LOWEST             19   03/17                         24
                        03/16
AVG. MAXIMUM     71.3              68.7     2.6     71.7
AVG. MINIMUM     47.5              46.8     0.7     47.8
MEAN             59.4              57.8     1.6     59.8
DAYS MAX >= 90      0               1.0    -1.0        0
DAYS MAX <= 32      0               0.1    -0.1        0
DAYS MIN <= 32     15               9.7     5.3       12
DAYS MIN <= 0       0               0.0     0.0        0

PRECIPITATION (INCHES)
RECORD
 MAXIMUM        18.38   1998
 MINIMUM         3.07   1985
TOTALS          16.23             11.45    4.78    12.70
DAILY AVG.       0.18              0.12    0.06     0.14
DAYS >= .01        39              31.7     7.3       39
DAYS >= .10        28              21.0     7.0       22
DAYS >= .50        13               8.4     4.6       11
DAYS >= 1.00        4               3.1     0.9        3
GREATEST
 24 HR. TOTAL    1.94                               1.42

SNOWFALL (INCHES)
TOTALS              T                                0.0
DAYS >= TRACE       2                                  0
DAYS >= 1.0         0                                  0
GREATEST
 24 HR TOTAL      0.0                                0.0

DEGREE_DAYS
HEATING TOTAL     686               810    -124      599
COOLING TOTAL     191               144      47      139
..............................................................

WIND (MPH)
AVERAGE WIND SPEED              6.7
HIGHEST WIND SPEED/DIRECTION    35/260    DATE  05/01
HIGHEST GUST SPEED/DIRECTION    46/240    DATE  04/06

SKY COVER
AVERAGE SKY COVER           0.40

AVERAGE RH (PERCENT)     69

WEATHER CONDITIONS. NUMBER OF DAYS WITH
THUNDERSTORM             21     MIXED PRECIP               0
HEAVY RAIN               17     RAIN                      22
LIGHT RAIN               51     FREEZING RAIN              0
LT FREEZING RAIN          0     HAIL                       0
HEAVY SNOW                0     SNOW                       0
LIGHT SNOW                2     SLEET                      0
FOG                      41     FOG W/VIS <= 1/4 MILE      3
HAZE                      2

-  INDICATES NEGATIVE NUMBERS.
R  INDICATES RECORD WAS SET OR TIED.
MM INDICATES DATA IS MISSING.
T  INDICATES TRACE AMOUNT.

$$
