000
CXUS51 KCLE 012311
CLSERI


CLIMATE REPORT
NATIONAL WEATHER SERVICE CLEVELAND OH
608 PM EST THU DEC 1 2016

...................................

...THE ERIE PA CLIMATE SUMMARY FOR THE SEASON, FROM
9/1/2016 TO 11/30/2016...

CLIMATE NORMAL PERIOD 1981 TO 2010
CLIMATE RECORD PERIOD 1873 TO 2016

WEATHER         OBSERVED          NORMAL  DEPART
                 VALUE   DATE(S)  VALUE   FROM
                                          NORMAL
................................................
TEMPERATURE (F)
RECORD
 HIGH              99   09/03/1953
 LOW                6   11/30/1929
                        11/22/1880
HIGHEST            89   09/10
LOWEST             30   11/12
AVG. MAXIMUM     65.8              60.9     4.9
AVG. MINIMUM     50.2              45.9     4.3
MEAN             58.0              53.4     4.6
DAYS MAX >= 90      0               0.1
DAYS MAX <= 32      0               0.9
DAYS MIN <= 32      2               9.6
DAYS MIN <= 0       0               0.0

PRECIPITATION (INCHES)
RECORD
 MAXIMUM        20.91   1979
 MINIMUM         4.52   1908
TOTALS          14.72             12.59    2.13
DAYS >= .01        35              40.0
DAYS >= .10        25              26.0
DAYS >= .50        10               8.0
DAYS >= 1.00        3               2.4

SNOWFALL (INCHES)
RECORDS
 TOTAL           46.9   1950
TOTALS            2.4               8.7
DAYS >= TRACE       4
DAYS >= 1.0         1               2.2

DEGREE_DAYS
HEATING TOTAL     780              1138    -358
COOLING TOTAL     168                80      88
.................................................

WIND (MPH)
HIGHEST GUST SPEED/DIRECTION    55/150    DATE  11/29

SKY COVER
POSSIBLE SUNSHINE (PERCENT)   MM
NUMBER OF DAYS FAIR           41
NUMBER OF DAYS PC             24
NUMBER OF DAYS CLOUDY         26


WEATHER CONDITIONS. NUMBER OF DAYS WITH
THUNDERSTORM              0     MIXED PRECIP               0
HEAVY RAIN               16     RAIN                      18
LIGHT RAIN               40     FREEZING RAIN              0
LT FREEZING RAIN          0     HAIL                       0
HEAVY SNOW                0     SNOW                       1
LIGHT SNOW                4     SLEET                      0
FOG                      34     FOG W/VIS <= 1/4 MILE      1
HAZE                      9

-  INDICATES NEGATIVE NUMBERS.
R  INDICATES RECORD WAS SET OR TIED.
MM INDICATES DATA IS MISSING.
T  INDICATES TRACE AMOUNT.

$$
