000
CXUS53 KPAH 011707
CLSEVV

INDCLMEWS 000
TTAA00 KPAH 011658


CLIMATE REPORT
NATIONAL WEATHER SERVICE PADUCAH KY
1052 AM CST MON DEC 1 2014

...................................

...THE EVANSVILLE IN CLIMATE SUMMARY FOR THE FALL SEASON, FROM
9/1/2014 TO 11/30/2014...

CLIMATE NORMAL PERIOD 1981 TO 2010
CLIMATE RECORD PERIOD 1896 TO 2014

WEATHER         OBSERVED          NORMAL  DEPART
                 VALUE   DATE(S)  VALUE   FROM
                                          NORMAL
................................................
TEMPERATURE (F)
RECORD
 HIGH             104   09/06/1925
 LOW               -3   11/25/1950
HIGHEST            92   09/05        69      23
LOWEST              9   11/18         0       9
AVG. MAXIMUM     65.9              69.2    -3.3
AVG. MINIMUM     45.7              46.2    -0.5
MEAN             55.8              57.7    -1.9
DAYS MAX >= 90      2               4.3    -2.3
DAYS MAX <= 32      3               0.2     2.8
DAYS MIN <= 32     18              13.0     5.0
DAYS MIN <= 0       0               0.0     0.0

PRECIPITATION (INCHES)
RECORD
 MAXIMUM        19.01   2011
 MINIMUM         0.01   1964
TOTALS           9.60             10.63   -1.03
DAILY AVG.       0.11              0.12   -0.01
DAYS >= .01        31              25.4     5.6
DAYS >= .10        21              16.8     4.2
DAYS >= .50         6               7.3    -1.3
DAYS >= 1.00        2               2.9    -0.9
GREATEST
 24 HR. TOTAL    1.84   MM
 STORM TOTAL       MM
 (MM/DD(HH))            MM

SNOWFALL (INCHES)
TOTALS            2.4
 LIQUID EQUIV    0.24
SINCE 7/1         2.4
 LIQUID 7/1      0.24
SNOWDEPTH AVG.      0
DAYS >= TRACE       6
DAYS >= 1.0         1
GREATEST
 SNOW DEPTH         2   11/17
 24 HR TOTAL      1.7   MM
 STORM TOTAL       MM
 (MM/DD(HH))            MM

DEGREE_DAYS
HEATING TOTAL    1003               861     142
 SINCE 7/1         MM               861      MM
COOLING TOTAL     197               198      -1
 SINCE 1/1       1477              1397      80

FREEZE DATES
RECORD
 EARLIEST     10/03/1974
 LATEST       05/10/1966
EARLIEST                        10/23
LATEST                          04/10
.................................................

WIND (MPH)
AVERAGE WIND SPEED              6.5
HIGHEST WIND SPEED/DIRECTION    39/230    DATE  10/13
HIGHEST GUST SPEED/DIRECTION    47/220    DATE  10/13

SKY COVER
POSSIBLE SUNSHINE (PERCENT)   MM
AVERAGE SKY COVER           0.30
NUMBER OF DAYS FAIR           48
NUMBER OF DAYS PC             25
NUMBER OF DAYS CLOUDY         18

AVERAGE RH (PERCENT)     69

WEATHER CONDITIONS. NUMBER OF DAYS WITH
THUNDERSTORM              0     MIXED PRECIP               0
HEAVY RAIN               11     RAIN                      16
LIGHT RAIN               32     FREEZING RAIN              0
LT FREEZING RAIN          0     HAIL                       0
HEAVY SNOW                0     SNOW                       0
LIGHT SNOW                6     SLEET                      0
FOG                      44     FOG W/VIS <= 1/4 MILE      1
HAZE                     19

-  INDICATES NEGATIVE NUMBERS.
R  INDICATES RECORD WAS SET OR TIED.
MM INDICATES DATA IS MISSING.
T  INDICATES TRACE AMOUNT.

RMKS: 7TH SNOWIEST FALL SEASON ON RECORD. THE SNOWIEST FALL
SEASON OCCURRED IN 1958 WHEN 6.9 INCHES WAS RECORDED.

$$
