000
CXUS53 KEAX 012142
CLSIRK

CLIMATE REPORT
NATIONAL WEATHER SERVICE KANSAS CITY/PLEASANT HILL MO
146 AM CST FRI DEC 1 2017

...................................

...THE KIRKSVILLE CLIMATE SUMMARY FOR THE SEASON, FROM
9/1/2017 TO 11/30/2017...

CLIMATE NORMAL PERIOD 1981 TO 2010
CLIMATE RECORD PERIOD 9999 TO 9999

WEATHER         OBSERVED          NORMAL  DEPART  LAST YEAR`S
                 VALUE   DATE(S)  VALUE   FROM    VALUE  DATE(S)
                                          NORMAL
................................................................
TEMPERATURE (F)
HIGHEST            93   09/23        89       4       91  09/06
                        09/21
                        09/22
LOWEST             15   11/22        14       1       20  11/20
AVG. MAXIMUM     67.3              63.3     4.0     70.0
AVG. MINIMUM     44.1              42.1     2.0     48.9
MEAN             55.7              52.7     3.0     59.5
DAYS MAX >= 90      6               1.7     4.3        1
DAYS MAX <= 32      0               1.9    -1.9        0
DAYS MIN <= 32     22              21.1     0.9        9
DAYS MIN <= 0       0               0.0     0.0        0

PRECIPITATION (INCHES)
TOTALS           7.29             10.15   -2.86     6.58
DAILY AVG.       0.08              0.11   -0.03     0.07
DAYS >= .01        18              27.6    -9.6       21
DAYS >= .10        10              14.4    -4.4       12
DAYS >= .50         6               6.0     0.0        5
DAYS >= 1.00        2               2.6    -0.6        2
GREATEST
 24 HR. TOTAL    1.55   MM

DEGREE_DAYS
HEATING TOTAL    1018              1214    -196      716
COOLING TOTAL     196                95     101      235
.................................................................

WIND (MPH)
AVERAGE WIND SPEED              8.4
HIGHEST WIND SPEED/DIRECTION    31/250    DATE  10/14
HIGHEST GUST SPEED/DIRECTION    57/270    DATE  10/14

SKY COVER
POSSIBLE SUNSHINE (PERCENT)   MM
AVERAGE SKY COVER           0.30
NUMBER OF DAYS FAIR           55
NUMBER OF DAYS PC             22
NUMBER OF DAYS CLOUDY         14

AVERAGE RH (PERCENT)     71

WEATHER CONDITIONS. NUMBER OF DAYS WITH
THUNDERSTORM              9     MIXED PRECIP               0
HEAVY RAIN                7     RAIN                       7
LIGHT RAIN               19     FREEZING RAIN              0
LT FREEZING RAIN          0     HAIL                       0
HEAVY SNOW                0     SNOW                       0
LIGHT SNOW                0     SLEET                      0
FOG                      34     FOG W/VIS <= 1/4 MILE      6
HAZE                      6

-  INDICATES NEGATIVE NUMBERS.
R  INDICATES RECORD WAS SET OR TIED.
MM INDICATES DATA IS MISSING.
T  INDICATES TRACE AMOUNT.

$$
