000
CXUS53 KILX 011724 RRA
CLSLWV

CHICLMLWV 000
TTAA00 KILX 011714


CLIMATE REPORT
NATIONAL WEATHER SERVICE LINCOLN IL
1103 AM CST FRI DEC 1 2017

...................................

...THE LAWRENCEVILLE IL AIRPORT CLIMATE SUMMARY FOR THE SEASON, FROM
9/1/2017 TO 11/30/2017...

CLIMATE NORMAL PERIOD 1981 TO 2010
CLIMATE RECORD PERIOD 9999 TO 9999

WEATHER         OBSERVED          NORMAL  DEPART  LAST YEAR`S
                 VALUE   DATE(S)  VALUE   FROM    VALUE
                                          NORMAL
.............................................................
TEMPERATURE (F)
RECORD
 HIGH              MM   MM
 LOW               MM   MM
HIGHEST            94   09/24        MM      MM       95
                        09/21
LOWEST             25   11/22        MM      MM       23
AVG. MAXIMUM     69.9              69.1     0.8     73.2
AVG. MINIMUM     48.8              46.6     2.2     49.8
MEAN             59.3              57.8     1.5     61.5
DAYS MAX >= 90      9               4.0     5.0        7
DAYS MAX <= 32      0               0.1    -0.1        0
DAYS MIN <= 32     14              10.8     3.2       10
DAYS MIN <= 0       0               0.0     0.0        0

PRECIPITATION (INCHES)
RECORD
 MAXIMUM           MM   MM
 MINIMUM           MM   MM
TOTALS           8.33             11.14   -2.81     8.10
DAILY AVG.       0.09                               0.09
DAYS >= .01        21                MM      MM       19
DAYS >= .10        13                MM      MM       12
DAYS >= .50         7                MM      MM        6
DAYS >= 1.00        1                MM      MM        4
GREATEST
 24 HR. TOTAL    2.87   MM                          2.01

DEGREE_DAYS
HEATING TOTAL     769               857     -88      622
 SINCE 7/1        769               858     -89      622
COOLING TOTAL     289               204      85      324
 SINCE 1/1       1432              1387      45     1615

FREEZE DATES
RECORD
 EARLIEST     MM
 LATEST       MM
EARLIEST                        MM
LATEST                          MM
..............................................................

WIND (MPH)
AVERAGE WIND SPEED              8.1
HIGHEST WIND SPEED/DIRECTION    40/200    DATE  11/18
HIGHEST GUST SPEED/DIRECTION    49/190    DATE  11/18

SKY COVER
POSSIBLE SUNSHINE (PERCENT)   MM
AVERAGE SKY COVER           0.40
NUMBER OF DAYS FAIR           51
NUMBER OF DAYS PC             19
NUMBER OF DAYS CLOUDY         21

AVERAGE RH (PERCENT)     71

WEATHER CONDITIONS. NUMBER OF DAYS WITH
THUNDERSTORM              7     MIXED PRECIP               0
HEAVY RAIN               10     RAIN                      14
LIGHT RAIN               32     FREEZING RAIN              0
LT FREEZING RAIN          0     HAIL                       0
HEAVY SNOW                0     SNOW                       0
LIGHT SNOW                2     SLEET                      0
FOG                      46     FOG W/VIS <= 1/4 MILE      5
HAZE                     24

-  INDICATES NEGATIVE NUMBERS.
R  INDICATES RECORD WAS SET OR TIED.
MM INDICATES DATA IS MISSING.
T  INDICATES TRACE AMOUNT.

$$
