000
CXUS53 KILX 011753 RRA
CLSLWV

CLIMATE REPORT
NATIONAL WEATHER SERVICE LINCOLN IL
1120 AM CST THU DEC 1 2016

...................................

...THE LAWRENCEVILLE IL AIRPORT CLIMATE SUMMARY FOR THE SEASON, FROM
9/1/2016 TO 11/30/2016...

CLIMATE NORMAL PERIOD 1981 TO 2010
CLIMATE RECORD PERIOD 9999 TO 9999

WEATHER         OBSERVED          NORMAL  DEPART  LAST YEAR`S
                 VALUE   DATE(S)  VALUE   FROM    VALUE
                                          NORMAL
.............................................................
TEMPERATURE (F)
RECORD
 HIGH              MM   MM
 LOW               MM   MM
HIGHEST            95   09/07        MM      MM       96
LOWEST             23   11/21        MM      MM       21
AVG. MAXIMUM     73.2              69.1     4.1     71.3
AVG. MINIMUM     49.8              46.6     3.2     47.9
MEAN             61.5              57.8     3.7     59.6
DAYS MAX >= 90      7               4.0     3.0        9
DAYS MAX <= 32      0               0.1    -0.1        0
DAYS MIN <= 32     10              10.8    -0.8       10
DAYS MIN <= 0       0               0.0     0.0        0

PRECIPITATION (INCHES)
RECORD
 MAXIMUM           MM   MM
 MINIMUM           MM   MM
TOTALS           8.10             11.14   -3.04     9.71
DAILY AVG.       0.09                               0.11
DAYS >= .01        19                MM      MM       24
DAYS >= .10        12                MM      MM       14
DAYS >= .50         6                MM      MM        6
DAYS >= 1.00        4                MM      MM        3
GREATEST
 24 HR. TOTAL    2.01   MM                          1.99

DEGREE_DAYS
HEATING TOTAL     622               857    -235      697
 SINCE 7/1        622               858    -236      697
COOLING TOTAL     324               204     120      228
 SINCE 1/1       1615              1387     228     1331

FREEZE DATES
RECORD
 EARLIEST     MM
 LATEST       MM
EARLIEST                        MM
LATEST                          MM
..............................................................

WIND (MPH)
AVERAGE WIND SPEED              7.3
HIGHEST WIND SPEED/DIRECTION    33/350    DATE  10/19
HIGHEST GUST SPEED/DIRECTION    48/350    DATE  10/19

SKY COVER
POSSIBLE SUNSHINE (PERCENT)   MM
AVERAGE SKY COVER           0.30
NUMBER OF DAYS FAIR           61
NUMBER OF DAYS PC             19
NUMBER OF DAYS CLOUDY         11

AVERAGE RH (PERCENT)     72

WEATHER CONDITIONS. NUMBER OF DAYS WITH
THUNDERSTORM             10     MIXED PRECIP               0
HEAVY RAIN               10     RAIN                      14
LIGHT RAIN               28     FREEZING RAIN              0
LT FREEZING RAIN          0     HAIL                       0
HEAVY SNOW                0     SNOW                       0
LIGHT SNOW                0     SLEET                      0
FOG                      49     FOG W/VIS <= 1/4 MILE     11
HAZE                     14

-  INDICATES NEGATIVE NUMBERS.
R  INDICATES RECORD WAS SET OR TIED.
MM INDICATES DATA IS MISSING.
T  INDICATES TRACE AMOUNT.

$$
