000
CXUS53 KMKX 011549
CLSMKE

CLIMATE REPORT
NATIONAL WEATHER SERVICE IN MILWAUKEE
1012 AM CDT WED JUN 1 2016

...................................

...THE MILWAUKEE WI CLIMATE SUMMARY FOR THE SEASON, FROM
3/1/2016 TO 5/31/2016...

CLIMATE NORMAL PERIOD 1981 TO 2010
CLIMATE RECORD PERIOD 1871 TO 2016

WEATHER         OBSERVED          NORMAL  DEPART  LAST YEAR`S
                 VALUE   DATE(S)  VALUE   FROM    VALUE  DATE(S)
                                          NORMAL
................................................................
TEMPERATURE (F)
RECORD
 HIGH              94   05/27/1911
 LOW              -10   03/01/1962
HIGHEST            85   05/26        85       0       81  05/07
                        05/06
                        05/24
LOWEST             11   03/04         7       4        0  03/06
                        03/02
AVG. MAXIMUM     55.5              53.7     1.8     54.8
AVG. MINIMUM     38.9              37.2     1.7     36.9
MEAN             47.2              45.4     1.8     45.8
DAYS MAX >= 90      0               0.2    -0.2        0
DAYS MAX <= 32      3               5.0    -2.0        6
DAYS MIN <= 32     22              28.2    -6.2       27
DAYS MIN <= 0       0               0.1    -0.1        1

PRECIPITATION (INCHES)
RECORD
 MAXIMUM        16.66   1876
 MINIMUM         2.94   1885
TOTALS           7.51              9.23   -1.72     8.48
DAILY AVG.       0.08              0.10   -0.02     0.09
DAYS >= .01        40              34.9     5.1       30
DAYS >= .10        20              19.0     1.0       18
DAYS >= .50         4               6.4    -2.4        3
DAYS >= 1.00        1               1.9    -0.9        1
GREATEST
 24 HR. TOTAL    1.34   05/09 TO 05/10              3.28

SNOWFALL (INCHES)
RECORDS
 TOTAL           53.5   1881
TOTALS           10.0               9.1     0.9      4.9
SINCE 7/1        39.1              46.9    -7.8     43.0
SNOWDEPTH AVG.      0                MM      MM        1
DAYS >= 1.0         5               2.4     2.6        2
GREATEST
 SNOW DEPTH         3   03/02                         10  03/05
                                                          03/04
 24 HR TOTAL      2.7   03/01 TO 03/01               3.4

DEGREE_DAYS
HEATING TOTAL    1661              1830    -169     1763
 SINCE 7/1         MM              6810      MM       MM
COOLING TOTAL      45                30      15       26
 SINCE 1/1         45                30      15       26

FREEZE DATES
RECORD
 EARLIEST     09/20/1956
 LATEST       05/27/1961
EARLIEST                        10/17
LATEST                          04/27
.................................................................

WIND (MPH)
AVERAGE WIND SPEED              9.9
RESULTANT WIND SPEED/DIRECTION   1/038
HIGHEST WIND SPEED/DIRECTION    38/240    DATE  03/16
HIGHEST GUST SPEED/DIRECTION    56/260    DATE  03/16

SKY COVER
POSSIBLE SUNSHINE (PERCENT)   MM
AVERAGE SKY COVER           0.60
NUMBER OF DAYS FAIR           12
NUMBER OF DAYS PC             45
NUMBER OF DAYS CLOUDY         35

AVERAGE RH (PERCENT)     69

WEATHER CONDITIONS. NUMBER OF DAYS WITH
THUNDERSTORM              9     MIXED PRECIP               0
HEAVY RAIN                4     RAIN                      12
LIGHT RAIN               44     FREEZING RAIN              0
LT FREEZING RAIN          3     HAIL                       0
HEAVY SNOW                2     SNOW                       8
LIGHT SNOW               12     SLEET                      3
FOG                      47     FOG W/VIS <= 1/4 MILE      9
HAZE                     21

-  INDICATES NEGATIVE NUMBERS.
R  INDICATES RECORD WAS SET OR TIED.
MM INDICATES DATA IS MISSING.
T  INDICATES TRACE AMOUNT.

$$
