000
CXUS53 KDDC 020104
CLSP28


CLIMATE REPORT
NATIONAL WEATHER SERVICE DODGE CITY KS
652 PM CST TUE MAR 1 2016

...................................

...THE MEDICINE LODGE KS CLIMATE SUMMARY FOR THE SEASON, FROM
12/1/2015 TO 2/29/2016...

CLIMATE NORMAL PERIOD 1981 TO 2010
CLIMATE RECORD PERIOD 1893 TO 2016

WEATHER         OBSERVED          NORMAL  DEPART  LAST YEAR`S
                 VALUE   DATE(S)  VALUE   FROM    VALUE  DATE(S)
                                          NORMAL
................................................................
TEMPERATURE (F)
RECORD
 HIGH              91   02/23/1904
 LOW              -22   02/13/1905
HIGHEST            81   02/18        MM      MM       82  01/27
LOWEST              9   01/10        MM      MM        6  01/05
AVG. MAXIMUM     52.2              47.3     4.9     46.4
AVG. MINIMUM     26.5              23.4     3.1     23.7
MEAN             39.4              35.3     4.1     35.1
DAYS MAX >= 90      0               0.0     0.0        0
DAYS MAX <= 32      9              12.2    -3.2       13
DAYS MIN <= 32     73              76.1    -3.1       71
DAYS MIN <= 0       0               0.2    -0.2        0

PRECIPITATION (INCHES)
RECORD
 MAXIMUM         8.23   2012
 MINIMUM         0.03   1904
TOTALS           3.26              2.67    0.59     2.16
DAILY AVG.       0.04              0.03    0.01     0.02
DAYS >= .01        12              14.1    -2.1       22
DAYS >= .10         6               6.5    -0.5        7
DAYS >= .50         1               1.8    -0.8        1
DAYS >= 1.00        1               0.3     0.7        0
GREATEST
 24 HR. TOTAL    1.68   12/12 TO 12/13           01/30 TO 01/31

SNOWFALL (INCHES)
RECORDS
 TOTAL           24.6   2003
 24 HR TOTAL     14.0   02/21/1971
 SNOW DEPTH        15   02/22/2013
TOTALS            1.0               8.2    -7.2     10.4
SINCE 7/1         1.0               8.4    -7.4     12.9
DAYS >= TRACE       5               3.9     1.1        8
DAYS >= 1.0         0               2.4    -2.4        3
GREATEST
 SNOW DEPTH         T   12/29                          4  02/28
                        12/28
                        12/18
 24 HR TOTAL      0.5   12/29 TO 12/29           02/28 TO 02/28

DEGREE_DAYS
HEATING TOTAL    2294              2670    -376     2669
 SINCE 7/1       2889              3575    -686     3574
COOLING TOTAL       0                 0       0        0
 SINCE 1/1          0                 0       0        0

.........................................................

WIND (MPH)
AVERAGE WIND SPEED              9.0
RESULTANT WIND SPEED/DIRECTION   2/351
HIGHEST WIND SPEED/DIRECTION    44/010    DATE  12/28
HIGHEST GUST SPEED/DIRECTION    55/010    DATE  12/28

AVERAGE RH (PERCENT)     65


-  INDICATES NEGATIVE NUMBERS.
R  INDICATES RECORD WAS SET OR TIED.
MM INDICATES DATA IS MISSING.
T  INDICATES TRACE AMOUNT.

$$
