000
CXUS53 KPAH 012156
CLSPAH

SDFCLMPAS 000
TTAA00 KPAH 012152


CLIMATE REPORT
NATIONAL WEATHER SERVICE PADUCAH KY
349 PM CST FRI DEC 1 2017

...................................

...THE PADUCAH KY CLIMATE SUMMARY FOR THE FALL SEASON,
FROM 9/1/2017 TO 11/30/2017...

CLIMATE NORMAL PERIOD 1981 TO 2010
CLIMATE RECORD PERIOD 1937 TO 2017

WEATHER         OBSERVED          NORMAL  DEPART
                 VALUE   DATE(S)  VALUE   FROM
                                          NORMAL
................................................
TEMPERATURE (F)
RECORD
 HIGH             104   09/05/1954
                        09/09/1939
 LOW               -3   11/25/1950
HIGHEST            93   09/21        70      23
LOWEST             22   11/23        48     -26
AVG. MAXIMUM     72.3              70.5     1.8
AVG. MINIMUM     49.1              47.4     1.7
MEAN             60.7              59.0     1.7
DAYS MAX >= 90      9               4.3     4.7
DAYS MAX <= 32      0               0.1    -0.1
DAYS MIN <= 32     14              10.8     3.2
DAYS MIN <= 0       0               0.0     0.0

PRECIPITATION (INCHES)
RECORD
 MAXIMUM        22.54   2006
 MINIMUM         3.10   1963
TOTALS          10.01             12.01   -2.00
DAILY AVG.       0.11              0.13   -0.02
DAYS >= .01        21              24.5    -3.5
DAYS >= .10        17              16.6     0.4
DAYS >= .50        11               7.8     3.2
DAYS >= 1.00        1               3.8    -2.8
GREATEST
 24 HR. TOTAL    1.22   MM
 STORM TOTAL       MM
 (MM/DD(HH))            MM

SNOWFALL (INCHES)
RECORDS
 TOTAL            2.8   2014
 24 HR TOTAL      2.1   MM
TOTALS            0.0               0.1    -0.1
 LIQUID EQUIV    0.00
SINCE 7/1         0.0               0.1    -0.1
 LIQUID 7/1      0.00
SNOWDEPTH AVG.      0
DAYS >= TRACE       0
DAYS >= 1.0         0
GREATEST
 SNOW DEPTH         0   MM
 24 HR TOTAL      0.0   MM
 STORM TOTAL       MM
 (MM/DD(HH))            MM

DEGREE_DAYS
HEATING TOTAL     683               776     -93
 SINCE 7/1        683               777     -94
COOLING TOTAL     318               228      90
 SINCE 1/1       1692              1542     150

FREEZE DATES
RECORD
 EARLIEST     10/01/1984
 LATEST       04/28/1992
EARLIEST                        10/26
LATEST                          04/04
.................................................

WIND (MPH)
AVERAGE WIND SPEED              5.6
HIGHEST WIND SPEED/DIRECTION    36/300    DATE  11/18
HIGHEST GUST SPEED/DIRECTION    48/310    DATE  11/18

SKY COVER
POSSIBLE SUNSHINE (PERCENT)   MM
AVERAGE SKY COVER           0.30
NUMBER OF DAYS FAIR           57
NUMBER OF DAYS PC             17
NUMBER OF DAYS CLOUDY         17

AVERAGE RH (PERCENT)     67

WEATHER CONDITIONS. NUMBER OF DAYS WITH
THUNDERSTORM              0     MIXED PRECIP               0
HEAVY RAIN               13     RAIN                      16
LIGHT RAIN               23     FREEZING RAIN              0
LT FREEZING RAIN          0     HAIL                       0
HEAVY SNOW                0     SNOW                       0
LIGHT SNOW                0     SLEET                      0
FOG                      47     FOG W/VIS <= 1/4 MILE     11
HAZE                     26

-  INDICATES NEGATIVE NUMBERS.
R  INDICATES RECORD WAS SET OR TIED.
MM INDICATES DATA IS MISSING.
T  INDICATES TRACE AMOUNT.

$$
