517
CXUS55 KPUB 030026 RRA
CLSPUB

CLIMATE REPORT
NATIONAL WEATHER SERVICE PUEBLO
513 PM MDT THU JUN 2 2016

...................................

...THE PUEBLO CO CLIMATE SUMMARY FOR THE SEASON, FROM
3/1/2016 TO 5/31/2016...

CLIMATE NORMAL PERIOD 1981 TO 2010
CLIMATE RECORD PERIOD 1888 TO 2016

WEATHER         OBSERVED          NORMAL  DEPART  LAST YEAR`S
                 VALUE   DATE(S)  VALUE   FROM    VALUE  DATE(S)
                                          NORMAL
................................................................
TEMPERATURE (F)
RECORD
 HIGH             102   05/31/2002
                        05/30/2000
                        05/29/2000
 LOW              -20   03/05/1948

HIGHEST            91   05/21                         85  03/16
LOWEST             14   03/20                          2  03/05
                        03/19
AVG. MAXIMUM     69.1              67.7     1.4     65.9
AVG. MINIMUM     36.8              34.5     2.3     36.9
MEAN             52.9              51.1     1.8     51.4
DAYS MAX >= 90      1
DAYS MAX <= 32      0
DAYS MIN <= 32     27
DAYS MIN <= 0       0

PRECIPITATION (INCHES)
RECORD
 MAXIMUM         9.78   1900
 MINIMUM         0.42   2002

TOTALS           6.31              3.84    2.47     7.54
DAILY AVG.       0.07              0.04    0.03
DAYS >= .01        20
DAYS >= .10        14
DAYS >= .50         5
DAYS >= 1.00        2
GREATEST
 24 HR. TOTAL    1.21   04/28 TO 04/29

SNOWFALL (INCHES)
RECORDS
 MAXIMUM         31.5   1990
 MINIMUM          T     1910

TOTALS            7.2              10.0    -2.8      1.7
SINCE 7/1        31.4              31.8    -0.4
SNOWDEPTH AVG.      0
DAYS >= TRACE       8               6.2     1.8
DAYS >= 1.0         3               2.9     0.1
GREATEST
 SNOW DEPTH         3   04/29                          2
 24 HR TOTAL      3.1   04/29 TO 04/29

DEGREE_DAYS
HEATING TOTAL    1114              1311    -197     1232
 SINCE 7/1       4840              5613    -773     5254
COOLING TOTAL      30                34      -4        4
 SINCE 1/1         30                34      -4        4
.....................................................

WIND (MPH)
AVERAGE WIND SPEED              9.4
HIGHEST WIND SPEED/DIRECTION    55/010    DATE  04/16
HIGHEST GUST SPEED/DIRECTION    67/030    DATE  04/05

SKY COVER
POSSIBLE SUNSHINE (PERCENT)   MM
AVERAGE SKY COVER           0.30
NUMBER OF DAYS FAIR           67
NUMBER OF DAYS PC             15
NUMBER OF DAYS CLOUDY         10

AVERAGE RH (PERCENT)     46

WEATHER CONDITIONS. NUMBER OF DAYS WITH
THUNDERSTORM              0     MIXED PRECIP               2
HEAVY RAIN                6     RAIN                      10
LIGHT RAIN               27     FREEZING RAIN              0
LT FREEZING RAIN          0     HAIL                       1
HEAVY SNOW                2     SNOW                       3
LIGHT SNOW                7     SLEET                      0
FOG                      15     FOG W/VIS <= 1/4 MILE      2
HAZE                      1

-  INDICATES NEGATIVE NUMBERS.
R  INDICATES RECORD WAS SET OR TIED.
MM INDICATES DATA IS MISSING.
T  INDICATES TRACE AMOUNT.

$$
