000
CXUS53 KGRB 041900
CLSRHI

CLIMATE REPORT
NATIONAL WEATHER SERVICE GREEN BAY
100 PM CST FRI DEC 4 2015

...6TH WARMEST FALL ON RECORD AT RHINELANDER...
...TIED FOR 20TH LEAST SNOWIEST FALL ON RECORD AT RHINELANDER...

...THE RHINELANDER WI FALL CLIMATE SUMMARY FROM 9/1/2015 TO 11/30/2015...

CLIMATE NORMAL PERIOD 1981 TO 2010
CLIMATE RECORD PERIOD 1908 TO 2015

WEATHER         OBSERVED          NORMAL  DEPART  LAST YEAR`S
                 VALUE   DATE(S)  VALUE   FROM    VALUE  DATE(S)
                                          NORMAL
................................................................
TEMPERATURE (F)
RECORD
 HIGH              98   09/10/1908
 LOW              -16   11/30/1976
HIGHEST            87   09/05        86       1       79  09/28
LOWEST              5   11/28         2       3      -11  11/27
                        11/22
AVG. MAXIMUM     58.2              52.7     5.5     48.7
AVG. MINIMUM     38.2              33.6     4.6     29.7
MEAN             48.2              43.2     5.0     39.2
DAYS MAX >= 90      0               0.0     0.0        0
DAYS MAX <= 32      5              10.3    -5.3       19
DAYS MIN <= 32     31              42.4   -11.4       46
DAYS MIN <= 0       0               0.5    -0.5        8

PRECIPITATION (INCHES)
RECORD
 MAXIMUM        17.47   1934
 MINIMUM         1.11   1976
TOTALS           8.74              9.08   -0.34    13.14
DAILY AVG.       0.10              0.10    0.00     0.14
DAYS >= .01        35                MM      MM       50
DAYS >= .10        23                MM      MM       27
DAYS >= .50         4                MM      MM        9
DAYS >= 1.00        1                MM      MM        2

SNOWFALL (INCHES)
RECORDS
 TOTAL           35.1   2014
 24 HR TOTAL       MM
TOTALS            4.1                MM      MM     35.1
SINCE 7/1         4.1                MM      MM     35.1
DAYS >= TRACE      12                MM      MM       31
DAYS >= 1.0         3                MM      MM       11
GREATEST
 SNOW DEPTH         1   11/26                         14  11/11
                        11/19
                        11/20
 24 HR TOTAL      1.1   11/26
                        11/19

DEGREE_DAYS
HEATING TOTAL    1580              2007    -427     2321
 SINCE 7/1       1717              2134    -417     2521
COOLING TOTAL      71                21      50        1
 SINCE 1/1        233               261     -28      148

FREEZE DATES
RECORD
 EARLIEST     08/27/1915
 LATEST       07/30/1928
EARLIEST                        09/23
LATEST                          05/20
.................................................................

WIND (MPH)
AVERAGE WIND SPEED              7.3
HIGHEST WIND SPEED/DIRECTION    33/270    DATE  11/19
HIGHEST GUST SPEED/DIRECTION    47/260    DATE  11/19

SKY COVER
POSSIBLE SUNSHINE (PERCENT)   MM
AVERAGE SKY COVER           0.50
NUMBER OF DAYS FAIR           35
NUMBER OF DAYS PC             30
NUMBER OF DAYS CLOUDY         26

AVERAGE RH (PERCENT)     74

WEATHER CONDITIONS. NUMBER OF DAYS WITH
THUNDERSTORM              4     MIXED PRECIP               0
HEAVY RAIN                8     RAIN                      15
LIGHT RAIN               41     FREEZING RAIN              0
LT FREEZING RAIN          0     HAIL                       0
HEAVY SNOW                1     SNOW                       1
LIGHT SNOW               10     SLEET                      1
FOG                      63     FOG W/VIS <= 1/4 MILE     18
HAZE                      9

-  INDICATES NEGATIVE NUMBERS.
R  INDICATES RECORD WAS SET OR TIED.
MM INDICATES DATA IS MISSING.
T  INDICATES TRACE AMOUNT.

$$
