000
CXUS53 KARX 011621
CLSRST

CLIMATE REPORT
NATIONAL WEATHER SERVICE LA CROSSE WI
1018 AM CST SAT MAR 1 2014

...................................

...THE ROCHESTER MN CLIMATE SUMMARY FOR THE SEASON, FROM
12/1/2013 TO 2/28/2014...

CLIMATE NORMAL PERIOD 1981 TO 2010
CLIMATE RECORD PERIOD 1886 TO 2014

WEATHER         OBSERVED          NORMAL  DEPART  LAST YEAR`S
                 VALUE   DATE(S)  VALUE   FROM    VALUE  DATE(S)
                                          NORMAL
................................................................
TEMPERATURE (F)
RECORD
 HIGH              63   02/17/1981
                        12/17/1939
 LOW              -42   01/07/1887
HIGHEST            39   12/02        MM      MM       62  12/03
LOWEST            -23   01/06        MM      MM      -10  02/01
                                                          01/01
AVG. MAXIMUM     17.9              26.2    -8.3
AVG. MINIMUM     -0.3              10.8   -11.1     12.5
MEAN              8.8              18.5    -9.7     20.3
DAYS MAX >= 90      0               0.0     0.0        0
DAYS MAX <= 32     73              58.2    14.8       54
DAYS MIN <= 32     90              86.3     3.7       85
DAYS MIN <= 0      49              22.0    27.0       13

PRECIPITATION (INCHES)
RECORD
 MAXIMUM           MM   MM
 MINIMUM           MM   MM
TOTALS           3.86              2.92    0.94     3.79
DAILY AVG.       0.04              0.03    0.01
DAYS >= .01        31              26.0     5.0       35
DAYS >= .10        14               8.6     5.4       12
DAYS >= .50         1               0.9     0.1        0
DAYS >= 1.00        1               0.1     0.9        0
GREATEST
 24 HR. TOTAL    1.12   MM
 STORM TOTAL       MM
 (MM/DD(HH))            MM

SNOWFALL (INCHES)
RECORDS
 TOTAL             MM   5
 24 HR TOTAL       MM
TOTALS           46.5              33.0    13.5
 LIQUID EQUIV    4.65              3.30    1.35
SINCE 7/1        47.8              39.9     7.9
DAYS >= TRACE      51              25.4    25.6
DAYS >= 1.0        16               9.9     6.1
GREATEST
 SNOW DEPTH        21   02/28
                        02/25
                        02/26
 24 HR TOTAL      8.8   MM
 STORM TOTAL       MM
 (MM/DD(HH))            MM

DEGREE_DAYS
HEATING TOTAL    5032              4188     844
 SINCE 7/1         MM              5861      MM
COOLING TOTAL       0                 0       0
 SINCE 1/1          0                 0       0

FREEZE DATES
RECORD
 EARLIEST     MM
 LATEST       MM
EARLIEST                        MM
LATEST                          MM
.................................................................

WIND (MPH)
AVERAGE WIND SPEED              13.9
HIGHEST WIND SPEED/DIRECTION    44/310    DATE  01/26
HIGHEST GUST SPEED/DIRECTION    58/300    DATE  01/26

SKY COVER
POSSIBLE SUNSHINE (PERCENT)   MM
AVERAGE SKY COVER           0.50
NUMBER OF DAYS FAIR           36
NUMBER OF DAYS PC             33
NUMBER OF DAYS CLOUDY         21

AVERAGE RH (PERCENT)     74

WEATHER CONDITIONS. NUMBER OF DAYS WITH
THUNDERSTORM              1     MIXED PRECIP               0
HEAVY RAIN                2     RAIN                       2
LIGHT RAIN                6     FREEZING RAIN              2
LT FREEZING RAIN         10     HAIL                       0
HEAVY SNOW                6     SNOW                      15
LIGHT SNOW               51     SLEET                      1
FOG                      46     FOG W/VIS <= 1/4 MILE      9
HAZE                     48

-  INDICATES NEGATIVE NUMBERS.
R  INDICATES RECORD WAS SET OR TIED.
MM INDICATES DATA IS MISSING.
T  INDICATES TRACE AMOUNT.

$$

BOYNE
