960
CXUS53 KEAX 020745
CLSSTJ

CLIMATE REPORT
NATIONAL WEATHER SERVICE KANSAS CITY/PLEASANT HILL MO
143 AM CST FRI DEC 2 2016

...................................

...THE ST. JOSEPH MO CLIMATE SUMMARY FOR THE SEASON, FROM
9/1/2016 TO 11/30/2016...

CLIMATE NORMAL PERIOD 1981 TO 2010
CLIMATE RECORD PERIOD 1892 TO 2016

WEATHER         OBSERVED          NORMAL  DEPART  LAST YEAR`S
                 VALUE   DATE(S)  VALUE   FROM    VALUE  DATE(S)
                                          NORMAL
................................................................
TEMPERATURE (F)
RECORD
 HIGH             107   09/03/1947
 LOW               -5   11/08/1991
HIGHEST            93   09/21        92       1       94  09/06
                        09/20
LOWEST             20   11/20        14       6       23  11/21
AVG. MAXIMUM     72.1              66.3     5.8     70.0
AVG. MINIMUM     48.6              42.5     6.1     46.9
MEAN             60.4              54.4     6.0     58.5
DAYS MAX >= 90      7               3.8     3.2        5
DAYS MAX <= 32      0               1.7    -1.7        1
DAYS MIN <= 32     14              22.3    -8.3       19
DAYS MIN <= 0       0               0.0     0.0        0

PRECIPITATION (INCHES)
RECORD
 MAXIMUM        19.63   1986
 MINIMUM         2.44   1917
TOTALS          10.86              7.78    3.08     7.35
DAILY AVG.       0.12              0.09    0.03     0.08
DAYS >= .01        18              20.2    -2.2       22
DAYS >= .10        13              12.7     0.3       14
DAYS >= .50         5               5.7    -0.7        3
DAYS >= 1.00        4               2.4     1.6        2
GREATEST
 24 HR. TOTAL    5.99   MM

DEGREE_DAYS
HEATING TOTAL     673              1106    -433      832
COOLING TOTAL     275               143     132      261
.................................................................

WIND (MPH)
AVERAGE WIND SPEED              7.9
HIGHEST WIND SPEED/DIRECTION    36/270    DATE  11/18
HIGHEST GUST SPEED/DIRECTION    46/200    DATE  11/27

SKY COVER
POSSIBLE SUNSHINE (PERCENT)   MM
AVERAGE SKY COVER           0.30
NUMBER OF DAYS FAIR           62
NUMBER OF DAYS PC             18
NUMBER OF DAYS CLOUDY         11

AVERAGE RH (PERCENT)     70

WEATHER CONDITIONS. NUMBER OF DAYS WITH
THUNDERSTORM             14     MIXED PRECIP               0
HEAVY RAIN                7     RAIN                       8
LIGHT RAIN               23     FREEZING RAIN              0
LT FREEZING RAIN          0     HAIL                       0
HEAVY SNOW                0     SNOW                       0
LIGHT SNOW                0     SLEET                      0
FOG                      46     FOG W/VIS <= 1/4 MILE      9
HAZE                     11

-  INDICATES NEGATIVE NUMBERS.
R  INDICATES RECORD WAS SET OR TIED.
MM INDICATES DATA IS MISSING.
T  INDICATES TRACE AMOUNT.

$$
