000
CXUS53 KLSX 011646 RRA
CLSUIN

CLIMATE REPORT
NATIONAL WEATHER SERVICE ST LOUIS MO
1102 AM CDT THU SEP 1 2016

...................................

...THE QUINCY IL CLIMATE SUMMARY FOR THE SEASON, FROM
6/1/2016 TO 8/31/2016...

CLIMATE NORMAL PERIOD 1981 TO 2010
CLIMATE RECORD PERIOD 1901 TO 2016

WEATHER         OBSERVED          NORMAL  DEPART
                 VALUE   DATE(S)  VALUE   FROM
                                          NORMAL
................................................
TEMPERATURE (F)
RECORD
 HIGH             114   07/15/1936
 LOW               39   06/12/1903
HIGHEST            97   06/15
LOWEST             52   06/08
AVG. MAXIMUM     85.9              84.0     1.9
AVG. MINIMUM     66.8
MEAN             76.3              74.2     2.2
DAYS MAX >= 90     26
DAYS MAX <= 32      0
DAYS MIN <= 32      0
DAYS MIN <= 0       0

PRECIPITATION (INCHES)
RECORD
 MAXIMUM        21.85   1915
 MINIMUM         2.68   1936
TOTALS          15.01             11.66    3.35
DAYS >= .01        31
DAYS >= .10        23
DAYS >= .50        11
DAYS >= 1.00        5
GREATEST
 24 HR. TOTAL    2.10   08/26 TO 08/27

DEGREE_DAYS
HEATING TOTAL       6                21     -15
 SINCE 7/1          6                 5       1
COOLING TOTAL    1072               868     204
 SINCE 1/1       1176               953     223
.................................................

WIND (MPH)
HIGHEST WIND SPEED/DIRECTION    48/310    DATE  07/19
HIGHEST GUST SPEED/DIRECTION    62/310    DATE  07/19


WEATHER CONDITIONS. NUMBER OF DAYS WITH
THUNDERSTORM             29     FOG W/VIS <= 1/4 MILE      8

-  INDICATES NEGATIVE NUMBERS.
R  INDICATES RECORD WAS SET OR TIED.
MM INDICATES DATA IS MISSING.
T  INDICATES TRACE AMOUNT.


...SEASONAL...

NO RECORDS OF NOTE.


...MONTHLY...

TIED 8TH LEAST NUMBER OF OCCURRENCES OF A MAXIMUM TEMPERATURE GREATER
THAN OR EQUAL TO 90 DEGREES (2 DAYS).

9TH WETTEST AUGUST ON RECORD (7.29 INCHES).

TIED 4TH MOST OCCURRENCES RECORDING AT LEAST ONE INCH OF RAINFALL WITHIN
THE MONTH OF AUGUST (3 DAYS).

15TH WETTEST JULY ON RECORD (6.70 INCHES).

HIGH OF 64 DEGREES ON 07/03 SET NEW RECORD FOR COOLEST MAXIMUM TEMPERATURE
RECORDED IN THE MONTH OF JULY.

TIED 15TH WARMEST JUNE ON RECORD (76.7 DEGREES).

2ND MOST CONSECUTIVE DAYS WITH A MAXIMUM TEMPERATURE GREATER THAN OR EQUAL
TO 85 DEGREES WITHIN THE MONTH OF JUNE (19 DAYS).

6TH DRIEST JUNE ON RECORD (1.02 INCHES).


...DAILY...

2 RECORD LOW MAXIMUM TEMPERATURES SET (07/03 AND 07/02).

RECORD PRECIPITATION VALUE OF 1.47 INCHES SET ON 08/24...PREVIOUS
1.13 INCHES IN 2007.


GOSSELIN

$$
